{"id":130,"date":"2022-05-08T17:45:37","date_gmt":"2022-05-08T16:45:37","guid":{"rendered":"http:\/\/kiga-im-alten-schulhaus.de\/kias2\/?page_id=130"},"modified":"2026-03-31T09:42:00","modified_gmt":"2026-03-31T08:42:00","slug":"team","status":"publish","type":"page","link":"https:\/\/kiga-im-alten-schulhaus.de\/kias2\/personliches\/team\/","title":{"rendered":"Team"},"content":{"rendered":"<p><span style=\"font-family: georgia, palatino, serif; font-size: 12pt;\"><strong><span style=\"color: #ff9900;\">Unser Kindergarten im alten Schulhaus lebt einen p\u00e4dagogischen Alltag mit offenem Konzept, das einen gesch\u00fctzten Rahmen bietet, in dem sich jedes Kind sicher f\u00fchlen, frei bewegen und eigene F\u00e4higkeiten entdecken darf.<\/span><br \/>\n<\/strong>Unser Team lebt das Konzept kindlicher Selbstbestimmung und gibt dabei ausreichend Raum zur freien Entfaltung \u2013 sowie die Orientierung, die dem jeweiligen Entwicklungsstand eines jeden Kindes entspricht.<\/span><\/p>\n<p><em><span style=\"color: #ff6600;\"><strong><img loading=\"lazy\" decoding=\"async\" class=\"alignnone size-full wp-image-1788\" src=\"https:\/\/kiga-im-alten-schulhaus.de\/kias2\/wp-content\/uploads\/2022\/09\/cropped-KINDERGARTEN_web_ulineumanncosel_65.jpg\" alt=\"\" width=\"2000\" height=\"1333\" srcset=\"https:\/\/kiga-im-alten-schulhaus.de\/kias2\/wp-content\/uploads\/2022\/09\/cropped-KINDERGARTEN_web_ulineumanncosel_65.jpg 2000w, https:\/\/kiga-im-alten-schulhaus.de\/kias2\/wp-content\/uploads\/2022\/09\/cropped-KINDERGARTEN_web_ulineumanncosel_65-300x200.jpg 300w, https:\/\/kiga-im-alten-schulhaus.de\/kias2\/wp-content\/uploads\/2022\/09\/cropped-KINDERGARTEN_web_ulineumanncosel_65-1024x682.jpg 1024w, https:\/\/kiga-im-alten-schulhaus.de\/kias2\/wp-content\/uploads\/2022\/09\/cropped-KINDERGARTEN_web_ulineumanncosel_65-768x512.jpg 768w, https:\/\/kiga-im-alten-schulhaus.de\/kias2\/wp-content\/uploads\/2022\/09\/cropped-KINDERGARTEN_web_ulineumanncosel_65-1536x1024.jpg 1536w\" sizes=\"auto, (max-width: 2000px) 100vw, 2000px\" \/><\/strong><\/span><\/em><\/p>\n<p><span style=\"font-family: georgia, palatino, serif; font-size: 12pt;\"><strong><span style=\"color: #ff9900;\">Natascha ist seit 2020 Teil unseres Kindergartens \u2013 in p\u00e4dagogischer und leitender Funktion.<\/span><br \/>\n<\/strong>Als studierte P\u00e4dagogin bringt Natascha neben ihrer Leitungsrolle viel Kreativit\u00e4t und Begeisterung in den Alltag des Kindergartens ein. Besonders gern entwickelt sie gemeinsam mit den Kindern fantasievolle Projekte \u2013 sei es beim Malen, Basteln oder auch beim gemeinsamen Geschichten schreiben. Ihre Leidenschaft f\u00fcr Sprachen und fremde Kulturen pr\u00e4gt ihre Arbeit ebenso wie ihre Offenheit \u2013 wie alle im p\u00e4dagogischen Team des Kindergartens spricht auch Natascha mehrere Sprachen und wei\u00df die Kinder ad\u00e4quat im Erleben verschiedener Kulturen zu f\u00f6rdern. Im Kindergarten \u00fcbernimmt sie mit viel Engagement und \u00dcberblick die p\u00e4dagogische Leitung.<\/span><br \/>\n<span style=\"font-family: georgia, palatino, serif; font-size: 12pt;\">In ihrer Freizeit reist sie gerne, schreibt, zeichnet oder kocht gemeinsam mit ihrem Mann \u2013 und l\u00e4sst dabei ihrer Fantasie freien Lauf.<\/span><\/p>\n<p><span style=\"font-family: georgia, palatino, serif; font-size: 12pt;\"><strong><span style=\"color: #ff9900;\">Katrin ist seit Oktober 2025 als P\u00e4dagogin zum Team \u2013 in p\u00e4dagogischer und stellvertretender Leitungsfunktion.<\/span><br \/>\n<\/strong><\/span>Katrin ist Mama von zwei Kindern und Erzieherin. Aktuell \u00fcbernimmt sie die kommissarische Leitung des Kindergartens. Sie begleitet den Alltag und hat immer ein offenes Ohr f\u00fcr Gro\u00df und Klein. Besonders gern wird sie mit den Kindern kreativ: basteln, malen oder gemeinsam in spannende B\u00fccher eintauchen &#8211; genau das macht ihre Arbeit f\u00fcr sie so besonders. Durch ihre Arbeit in verschiedenen Eltern Initiativen wei\u00df sie, wie wichtig ein vertrauensvolles Miteinander ist.<br \/>\nIn ihrer Freizeit ist sie am liebsten aktiv und sportlich, genie\u00dft die Auszeit an der frischen Luft oder l\u00e4sst sich gutes Essen schmecken.<\/p>\n<p><span style=\"font-family: georgia, palatino, serif; font-size: 12pt;\"><strong><span style=\"color: #ff9900;\">Anna geh\u00f6rt seit Januar 2017 als P\u00e4dagogin zum Team \u2013 unser vertrauter Ruhepol im Haus.<\/span><br \/>\n<\/strong>Nach ihrer Elternzeit durften wir sie im September 2019 wieder herzlich bei uns willkommen hei\u00dfen. Ihr Weg f\u00fchrte sie zun\u00e4chst zum Studium der Kunstp\u00e4dagogik, bevor sie die staatliche Anerkennung als P\u00e4dagogin erlangte. Diese Kombination bringt sie mit viel Einf\u00fchlungsverm\u00f6gen und Offenheit f\u00fcr die Ideen der Kinder in ihre t\u00e4gliche Arbeit ein.<\/span><br \/>\n<span style=\"font-family: georgia, palatino, serif; font-size: 12pt;\">Mit ihrer ruhigen, sanften Art und ihrem aufmerksamen Zuh\u00f6ren schafft sie eine Atmosph\u00e4re, in der sich Kinder geborgen f\u00fchlen und im bunten Kindergartenalltag zur Ruhe kommen k\u00f6nnen.<br \/>\nIn ihrer freien Zeit genie\u00dft sie das Familienleben mit ihrem Mann und ihren beiden Kindern \u2013 am liebsten im gem\u00fctlichen Rahmen oder bei gemeinsamen Unternehmungen.<\/span><\/p>\n<p><span style=\"font-family: georgia, palatino, serif; font-size: 12pt;\"><strong><span style=\"color: #ff9900;\">Jenny ist seit 2022 als Kinderpflegerin dabei \u2013 mit viel Herz, Fachwissen und Lebensfreude.<\/span><br \/>\n<\/strong>Mit einem L\u00e4cheln startet sie in jeden Tag und inspiriert unsere Kindern mit echter Neugier und Begeisterung f\u00fcr das, was der Tag bringen mag. Dank ihres Studiums der Psychologie bringt sie wertvolle fachliche Kenntnisse mit, die sie mit Feingef\u00fchl in ihre p\u00e4dagogische Arbeit einflie\u00dfen l\u00e4sst. Beim Turnen, Experimentieren oder Basteln findet sie immer wieder kindgerechte Impulsen, die die Kinder auf ganz unterschiedlichen Ebenen st\u00e4rken und ermutigen, ihre F\u00e4higkeiten selbstst\u00e4ndig zu entdecken. Als echte Naturliebhaberin findet Jenny selbst im kleinsten St\u00fcck Erde oder an jedem Baum einen Moment voller Entdeckungsfreude \u2013 und schafft es, den Kindern genau dort Abenteuer, Staunen und Freude zu entlocken.<\/span><br \/>\n<span style=\"font-family: georgia, palatino, serif; font-size: 12pt;\">In ihrer Freizeit ist Jenny gerne beim Sport und Wandern mit ihrem Mann und ihren zwei Kindern aktiv, aber auch der Garten, das Lesen und N\u00e4hen geh\u00f6ren zu ihren Leidenschaften.<\/span><\/p>\n<p><span style=\"font-family: georgia, palatino, serif; font-size: 12pt;\"><i><strong><span style=\"color: #ff9900;\">Dennis ist seit November 2025\u00a0 als Kinderpfleger dabei \u2013 f\u00fcr unsere kleinen Entdecker<\/span><br \/>\n<\/strong><\/i><\/span>Jeden Tag begleitet er die kleinen Pers\u00f6nlichkeiten mit Freude, Geduld und einer gro\u00dfen Portion Neugierde durch ihren Kindergartenalltag. Es ist sein Anliegen, jedes Kind individuell zu f\u00f6rdern, seine St\u00e4rken zu entdecken und es liebevoll auf seinem Weg zu begleiten. Mit Begeisterung f\u00fcr Bewegung, Natur und neuen Abenteuern, bringt er weiter Abwechslung in den Alltag: Ob beim Toben im Freien, beim Entdecken der Welt oder beim gemeinsamen Tr\u00e4umen in fantasievollen Geschichten Welten. Besonders das Vorlesen liegt ihm am Herzen \u2013 denn B\u00fccher \u00f6ffnen T\u00fcren zu magischen Orten, an denen Kinder mit allen Sinnen lernen und staunen k\u00f6nnen.<br \/>\n<span style=\"font-family: georgia, palatino, serif; font-size: 12pt;\"><span style=\"font-family: georgia, palatino, serif;\">In seiner Freizeit ist er sehr gerne aktiv: Sport, Klettern und Wandern geh\u00f6rt zu seinen Leidenschaften.<br \/>\n<\/span><\/span><\/p>\n<p><span style=\"font-family: georgia, palatino, serif; font-size: 12pt;\"><strong><span style=\"color: #ff9900;\">Andrea ist bereits seit 2014 Teil unseres Kindergartens &#8211; und aus dem Alltag nicht mehr wegzudenken.<\/span><br \/>\n<\/strong>Mit viel Engagement und einem offenen Herzen k\u00fcmmert sie sich um alle hauswirtschaftlichen Bereiche unseres Kindergartens. Sie bereitet t\u00e4glich das Mittagessen sowie liebevoll zusammengestellte Brotzeiten f\u00fcr die Kinder zu \u2013 und sorgt bei Bedarf auch f\u00fcr kleine Snacks und erfrischende Getr\u00e4nke zwischendurch.<\/span><br \/>\n<span style=\"font-family: georgia, palatino, serif; font-size: 12pt;\">Dank ihres aufmerksamen Blicks sind unsere Vorr\u00e4te immer gut organisiert, und sie tr\u00e4gt ma\u00dfgeblich dazu bei, dass unsere R\u00e4ume gepflegt und einladend bleiben.<\/span><br \/>\n<span style=\"font-family: georgia, palatino, serif; font-size: 12pt;\">In ihrer Freizeit liest sie gerne und unternimmt Ausfl\u00fcge mit ihrer Familie \u2013 neue Eindr\u00fccke und frische Luft sind ihr dabei besonders wichtig.<\/span><\/p>\n<p><span style=\"font-family: georgia, palatino, serif; font-size: 12pt;\"><strong><span style=\"color: #ff9900;\">Bianca arbeitet seit 2024 im Team &#8211; aktuell in Ausbildung zur Kinderpflegerin.<\/span><br \/>\n<\/strong>Ihre Fr\u00f6hlichkeit und Offenheit bringt Leichtigkeit in den Alltag \u2013 sie denkt mit, handelt unkompliziert und ist stets dort, wo helfende H\u00e4nde bei den Kindern gebraucht werden.<\/span><br \/>\n<span style=\"font-family: georgia, palatino, serif; font-size: 12pt;\">Die Kinder sch\u00e4tzen ihre liebevolle Zuwendung ganz besonders: Ob als Bastelfee mit kreativen Ideen oder als tr\u00f6stende Seele bei kleinen Wehwehchen \u2013 Bianca begegnet jedem Kind mit Herz und Aufmerksamkeit.<\/span><br \/>\n<span style=\"font-family: georgia, palatino, serif; font-size: 12pt;\">Ihr Engagement und ihre nat\u00fcrliche Art machen sie zu einer wertvollen Unterst\u00fctzung im Team und zu einer echten Bezugsperson f\u00fcr die Kinder.<\/span><\/p>\n<p><span style=\"font-family: georgia, palatino, serif; font-size: 12pt;\"><i><strong><span style=\"color: #ff9900;\">Stella bereichert seit 2024 das Team \u00a0&#8211; aktuell in Ausbildung zur P\u00e4dagogin.<\/span><br \/>\n<\/strong><\/i><span style=\"font-family: georgia, palatino, serif;\">Besonders unsere Kleinsten f\u00fchlen sich bei ihr rundum wohl \u2013 mit viel Feingef\u00fchl, Geduld und einem offenen Ohr begleitet sie sie durch den Tag. Fast t\u00e4glich wird gesungen und getanzt, denn Stella bringt nicht nur Freude, sondern auch eine besondere Verbindung zu den Allerj\u00fcngsten mit.<\/span><br \/>\n<span style=\"font-family: georgia, palatino, serif;\">Sie versteht es, den Kindern die bunte Vielfalt der Welt nahezubringen \u2013 sei es bei kleinen Naturentdeckungen, im gemeinsamen Singen und Tanzen oder beim kreativen Spiel mit einfachsten Mitteln. Ihre warme, geduldige und zugewandte Art schafft eine Atmosph\u00e4re, in der sich Kinder gesehen, verstanden und gest\u00e4rkt f\u00fchlen.<\/span><br \/>\n<span style=\"font-family: georgia, palatino, serif;\">In ihrer Freizeit liebt es Stella, mit ihrem Mann und ihren beiden Kindern zu reisen, aber auch in M\u00fcnchen immer wieder gemeinsam neue Dinge zu entdecken<\/span><\/span><span style=\"font-family: georgia, palatino, serif; font-size: 12pt;\"><span style=\"font-family: georgia, palatino, serif;\">.<\/span><\/span><\/p>\n<p>&nbsp;<\/p>\n<figure id=\"attachment_173\" aria-describedby=\"caption-attachment-173\" style=\"width: 400px\" class=\"wp-caption alignleft\"><img loading=\"lazy\" decoding=\"async\" class=\"wp-image-173 size-full\" src=\"https:\/\/kiga-im-alten-schulhaus.de\/kias2\/wp-content\/uploads\/2017\/03\/kias_009_sieglindekati_260-e1682279237583.jpg\" alt=\"\" width=\"400\" height=\"274\" srcset=\"https:\/\/kiga-im-alten-schulhaus.de\/kias2\/wp-content\/uploads\/2017\/03\/kias_009_sieglindekati_260-e1682279237583.jpg 400w, https:\/\/kiga-im-alten-schulhaus.de\/kias2\/wp-content\/uploads\/2017\/03\/kias_009_sieglindekati_260-e1682279237583-300x206.jpg 300w\" sizes=\"auto, (max-width: 400px) 100vw, 400px\" \/><figcaption id=\"caption-attachment-173\" class=\"wp-caption-text\">unsere Erzieherinnen: mal von vorne, mal von hinten<\/figcaption><\/figure>\n<div class=\"mceTemp\"><\/div>\n","protected":false},"excerpt":{"rendered":"<p>Unser Kindergarten im alten Schulhaus lebt einen p\u00e4dagogischen Alltag mit offenem Konzept, das einen gesch\u00fctzten Rahmen bietet, in dem sich jedes Kind sicher f\u00fchlen, frei bewegen und eigene F\u00e4higkeiten entdecken darf. Unser Team lebt das Konzept kindlicher Selbstbestimmung und gibt &hellip; <\/p>\n","protected":false},"author":11,"featured_media":0,"parent":127,"menu_order":0,"comment_status":"closed","ping_status":"closed","template":"","meta":{"footnotes":""},"class_list":["post-130","page","type-page","status-publish","hentry"],"yoast_head":"<!-- This site is optimized with the Yoast SEO plugin v27.4 - https:\/\/yoast.com\/product\/yoast-seo-wordpress\/ -->\n<title>Kindergarten im alten Schulhaus e.V. &#8211; Team<\/title>\n<meta name=\"robots\" content=\"index, follow, max-snippet:-1, max-image-preview:large, max-video-preview:-1\" \/>\n<link rel=\"canonical\" href=\"https:\/\/kiga-im-alten-schulhaus.de\/kias2\/personliches\/team\/\" \/>\n<meta property=\"og:locale\" content=\"de_DE\" \/>\n<meta property=\"og:type\" content=\"article\" \/>\n<meta property=\"og:title\" content=\"Kindergarten im alten Schulhaus e.V. &#8211; Team\" \/>\n<meta property=\"og:description\" content=\"Unser Kindergarten im alten Schulhaus lebt einen p\u00e4dagogischen Alltag mit offenem Konzept, das einen gesch\u00fctzten Rahmen bietet, in dem sich jedes Kind sicher f\u00fchlen, frei bewegen und eigene F\u00e4higkeiten entdecken darf. Unser Team lebt das Konzept kindlicher Selbstbestimmung und gibt &hellip;\" \/>\n<meta property=\"og:url\" content=\"https:\/\/kiga-im-alten-schulhaus.de\/kias2\/personliches\/team\/\" \/>\n<meta property=\"og:site_name\" content=\"Kindergarten im alten Schulhaus e.V.\" \/>\n<meta property=\"article:modified_time\" content=\"2026-03-31T08:42:00+00:00\" \/>\n<meta property=\"og:image\" content=\"http:\/\/kiga-im-alten-schulhaus.de\/kias2\/wp-content\/uploads\/2022\/09\/cropped-KINDERGARTEN_web_ulineumanncosel_65.jpg\" \/>\n<meta name=\"twitter:card\" content=\"summary_large_image\" \/>\n<meta name=\"twitter:label1\" content=\"Gesch\u00e4tzte Lesezeit\" \/>\n\t<meta name=\"twitter:data1\" content=\"6\u00a0Minuten\" \/>\n<script type=\"application\/ld+json\" class=\"yoast-schema-graph\">{\"@context\":\"https:\\\/\\\/schema.org\",\"@graph\":[{\"@type\":\"WebPage\",\"@id\":\"https:\\\/\\\/kiga-im-alten-schulhaus.de\\\/kias2\\\/personliches\\\/team\\\/\",\"url\":\"https:\\\/\\\/kiga-im-alten-schulhaus.de\\\/kias2\\\/personliches\\\/team\\\/\",\"name\":\"Kindergarten im alten Schulhaus e.V. &#8211; Team\",\"isPartOf\":{\"@id\":\"https:\\\/\\\/kiga-im-alten-schulhaus.de\\\/kias2\\\/#website\"},\"primaryImageOfPage\":{\"@id\":\"https:\\\/\\\/kiga-im-alten-schulhaus.de\\\/kias2\\\/personliches\\\/team\\\/#primaryimage\"},\"image\":{\"@id\":\"https:\\\/\\\/kiga-im-alten-schulhaus.de\\\/kias2\\\/personliches\\\/team\\\/#primaryimage\"},\"thumbnailUrl\":\"http:\\\/\\\/kiga-im-alten-schulhaus.de\\\/kias2\\\/wp-content\\\/uploads\\\/2022\\\/09\\\/cropped-KINDERGARTEN_web_ulineumanncosel_65.jpg\",\"datePublished\":\"2022-05-08T16:45:37+00:00\",\"dateModified\":\"2026-03-31T08:42:00+00:00\",\"breadcrumb\":{\"@id\":\"https:\\\/\\\/kiga-im-alten-schulhaus.de\\\/kias2\\\/personliches\\\/team\\\/#breadcrumb\"},\"inLanguage\":\"de\",\"potentialAction\":[{\"@type\":\"ReadAction\",\"target\":[\"https:\\\/\\\/kiga-im-alten-schulhaus.de\\\/kias2\\\/personliches\\\/team\\\/\"]}]},{\"@type\":\"ImageObject\",\"inLanguage\":\"de\",\"@id\":\"https:\\\/\\\/kiga-im-alten-schulhaus.de\\\/kias2\\\/personliches\\\/team\\\/#primaryimage\",\"url\":\"http:\\\/\\\/kiga-im-alten-schulhaus.de\\\/kias2\\\/wp-content\\\/uploads\\\/2022\\\/09\\\/cropped-KINDERGARTEN_web_ulineumanncosel_65.jpg\",\"contentUrl\":\"http:\\\/\\\/kiga-im-alten-schulhaus.de\\\/kias2\\\/wp-content\\\/uploads\\\/2022\\\/09\\\/cropped-KINDERGARTEN_web_ulineumanncosel_65.jpg\"},{\"@type\":\"BreadcrumbList\",\"@id\":\"https:\\\/\\\/kiga-im-alten-schulhaus.de\\\/kias2\\\/personliches\\\/team\\\/#breadcrumb\",\"itemListElement\":[{\"@type\":\"ListItem\",\"position\":1,\"name\":\"Home\",\"item\":\"https:\\\/\\\/kiga-im-alten-schulhaus.de\\\/kias2\\\/\"},{\"@type\":\"ListItem\",\"position\":2,\"name\":\"\u00dcber uns\",\"item\":\"https:\\\/\\\/kiga-im-alten-schulhaus.de\\\/kias2\\\/personliches\\\/\"},{\"@type\":\"ListItem\",\"position\":3,\"name\":\"Team\"}]},{\"@type\":\"WebSite\",\"@id\":\"https:\\\/\\\/kiga-im-alten-schulhaus.de\\\/kias2\\\/#website\",\"url\":\"https:\\\/\\\/kiga-im-alten-schulhaus.de\\\/kias2\\\/\",\"name\":\"Kindergarten im alten Schulhaus e.V.\",\"description\":\"\",\"publisher\":{\"@id\":\"https:\\\/\\\/kiga-im-alten-schulhaus.de\\\/kias2\\\/#organization\"},\"potentialAction\":[{\"@type\":\"SearchAction\",\"target\":{\"@type\":\"EntryPoint\",\"urlTemplate\":\"https:\\\/\\\/kiga-im-alten-schulhaus.de\\\/kias2\\\/?s={search_term_string}\"},\"query-input\":{\"@type\":\"PropertyValueSpecification\",\"valueRequired\":true,\"valueName\":\"search_term_string\"}}],\"inLanguage\":\"de\"},{\"@type\":\"Organization\",\"@id\":\"https:\\\/\\\/kiga-im-alten-schulhaus.de\\\/kias2\\\/#organization\",\"name\":\"Kindergarten im Alten Schulhaus e.V.\",\"url\":\"https:\\\/\\\/kiga-im-alten-schulhaus.de\\\/kias2\\\/\",\"logo\":{\"@type\":\"ImageObject\",\"inLanguage\":\"de\",\"@id\":\"https:\\\/\\\/kiga-im-alten-schulhaus.de\\\/kias2\\\/#\\\/schema\\\/logo\\\/image\\\/\",\"url\":\"http:\\\/\\\/kiga-im-alten-schulhaus.de\\\/kias2\\\/wp-content\\\/uploads\\\/2017\\\/03\\\/cropped-haus-1.jpg\",\"contentUrl\":\"http:\\\/\\\/kiga-im-alten-schulhaus.de\\\/kias2\\\/wp-content\\\/uploads\\\/2017\\\/03\\\/cropped-haus-1.jpg\",\"width\":512,\"height\":512,\"caption\":\"Kindergarten im Alten Schulhaus e.V.\"},\"image\":{\"@id\":\"https:\\\/\\\/kiga-im-alten-schulhaus.de\\\/kias2\\\/#\\\/schema\\\/logo\\\/image\\\/\"}}]}<\/script>\n<!-- \/ Yoast SEO plugin. -->","yoast_head_json":{"title":"Kindergarten im alten Schulhaus e.V. &#8211; Team","robots":{"index":"index","follow":"follow","max-snippet":"max-snippet:-1","max-image-preview":"max-image-preview:large","max-video-preview":"max-video-preview:-1"},"canonical":"https:\/\/kiga-im-alten-schulhaus.de\/kias2\/personliches\/team\/","og_locale":"de_DE","og_type":"article","og_title":"Kindergarten im alten Schulhaus e.V. &#8211; Team","og_description":"Unser Kindergarten im alten Schulhaus lebt einen p\u00e4dagogischen Alltag mit offenem Konzept, das einen gesch\u00fctzten Rahmen bietet, in dem sich jedes Kind sicher f\u00fchlen, frei bewegen und eigene F\u00e4higkeiten entdecken darf. Unser Team lebt das Konzept kindlicher Selbstbestimmung und gibt &hellip;","og_url":"https:\/\/kiga-im-alten-schulhaus.de\/kias2\/personliches\/team\/","og_site_name":"Kindergarten im alten Schulhaus e.V.","article_modified_time":"2026-03-31T08:42:00+00:00","og_image":[{"url":"http:\/\/kiga-im-alten-schulhaus.de\/kias2\/wp-content\/uploads\/2022\/09\/cropped-KINDERGARTEN_web_ulineumanncosel_65.jpg","type":"","width":"","height":""}],"twitter_card":"summary_large_image","twitter_misc":{"Gesch\u00e4tzte Lesezeit":"6\u00a0Minuten"},"schema":{"@context":"https:\/\/schema.org","@graph":[{"@type":"WebPage","@id":"https:\/\/kiga-im-alten-schulhaus.de\/kias2\/personliches\/team\/","url":"https:\/\/kiga-im-alten-schulhaus.de\/kias2\/personliches\/team\/","name":"Kindergarten im alten Schulhaus e.V. &#8211; Team","isPartOf":{"@id":"https:\/\/kiga-im-alten-schulhaus.de\/kias2\/#website"},"primaryImageOfPage":{"@id":"https:\/\/kiga-im-alten-schulhaus.de\/kias2\/personliches\/team\/#primaryimage"},"image":{"@id":"https:\/\/kiga-im-alten-schulhaus.de\/kias2\/personliches\/team\/#primaryimage"},"thumbnailUrl":"http:\/\/kiga-im-alten-schulhaus.de\/kias2\/wp-content\/uploads\/2022\/09\/cropped-KINDERGARTEN_web_ulineumanncosel_65.jpg","datePublished":"2022-05-08T16:45:37+00:00","dateModified":"2026-03-31T08:42:00+00:00","breadcrumb":{"@id":"https:\/\/kiga-im-alten-schulhaus.de\/kias2\/personliches\/team\/#breadcrumb"},"inLanguage":"de","potentialAction":[{"@type":"ReadAction","target":["https:\/\/kiga-im-alten-schulhaus.de\/kias2\/personliches\/team\/"]}]},{"@type":"ImageObject","inLanguage":"de","@id":"https:\/\/kiga-im-alten-schulhaus.de\/kias2\/personliches\/team\/#primaryimage","url":"http:\/\/kiga-im-alten-schulhaus.de\/kias2\/wp-content\/uploads\/2022\/09\/cropped-KINDERGARTEN_web_ulineumanncosel_65.jpg","contentUrl":"http:\/\/kiga-im-alten-schulhaus.de\/kias2\/wp-content\/uploads\/2022\/09\/cropped-KINDERGARTEN_web_ulineumanncosel_65.jpg"},{"@type":"BreadcrumbList","@id":"https:\/\/kiga-im-alten-schulhaus.de\/kias2\/personliches\/team\/#breadcrumb","itemListElement":[{"@type":"ListItem","position":1,"name":"Home","item":"https:\/\/kiga-im-alten-schulhaus.de\/kias2\/"},{"@type":"ListItem","position":2,"name":"\u00dcber uns","item":"https:\/\/kiga-im-alten-schulhaus.de\/kias2\/personliches\/"},{"@type":"ListItem","position":3,"name":"Team"}]},{"@type":"WebSite","@id":"https:\/\/kiga-im-alten-schulhaus.de\/kias2\/#website","url":"https:\/\/kiga-im-alten-schulhaus.de\/kias2\/","name":"Kindergarten im alten Schulhaus e.V.","description":"","publisher":{"@id":"https:\/\/kiga-im-alten-schulhaus.de\/kias2\/#organization"},"potentialAction":[{"@type":"SearchAction","target":{"@type":"EntryPoint","urlTemplate":"https:\/\/kiga-im-alten-schulhaus.de\/kias2\/?s={search_term_string}"},"query-input":{"@type":"PropertyValueSpecification","valueRequired":true,"valueName":"search_term_string"}}],"inLanguage":"de"},{"@type":"Organization","@id":"https:\/\/kiga-im-alten-schulhaus.de\/kias2\/#organization","name":"Kindergarten im Alten Schulhaus e.V.","url":"https:\/\/kiga-im-alten-schulhaus.de\/kias2\/","logo":{"@type":"ImageObject","inLanguage":"de","@id":"https:\/\/kiga-im-alten-schulhaus.de\/kias2\/#\/schema\/logo\/image\/","url":"http:\/\/kiga-im-alten-schulhaus.de\/kias2\/wp-content\/uploads\/2017\/03\/cropped-haus-1.jpg","contentUrl":"http:\/\/kiga-im-alten-schulhaus.de\/kias2\/wp-content\/uploads\/2017\/03\/cropped-haus-1.jpg","width":512,"height":512,"caption":"Kindergarten im Alten Schulhaus e.V."},"image":{"@id":"https:\/\/kiga-im-alten-schulhaus.de\/kias2\/#\/schema\/logo\/image\/"}}]}},"_links":{"self":[{"href":"https:\/\/kiga-im-alten-schulhaus.de\/kias2\/wp-json\/wp\/v2\/pages\/130","targetHints":{"allow":["GET"]}}],"collection":[{"href":"https:\/\/kiga-im-alten-schulhaus.de\/kias2\/wp-json\/wp\/v2\/pages"}],"about":[{"href":"https:\/\/kiga-im-alten-schulhaus.de\/kias2\/wp-json\/wp\/v2\/types\/page"}],"author":[{"embeddable":true,"href":"https:\/\/kiga-im-alten-schulhaus.de\/kias2\/wp-json\/wp\/v2\/users\/11"}],"replies":[{"embeddable":true,"href":"https:\/\/kiga-im-alten-schulhaus.de\/kias2\/wp-json\/wp\/v2\/comments?post=130"}],"version-history":[{"count":12,"href":"https:\/\/kiga-im-alten-schulhaus.de\/kias2\/wp-json\/wp\/v2\/pages\/130\/revisions"}],"predecessor-version":[{"id":2349,"href":"https:\/\/kiga-im-alten-schulhaus.de\/kias2\/wp-json\/wp\/v2\/pages\/130\/revisions\/2349"}],"up":[{"embeddable":true,"href":"https:\/\/kiga-im-alten-schulhaus.de\/kias2\/wp-json\/wp\/v2\/pages\/127"}],"wp:attachment":[{"href":"https:\/\/kiga-im-alten-schulhaus.de\/kias2\/wp-json\/wp\/v2\/media?parent=130"}],"curies":[{"name":"wp","href":"https:\/\/api.w.org\/{rel}","templated":true}]}}