{"id":14,"date":"2017-03-06T18:07:35","date_gmt":"2017-03-06T18:07:35","guid":{"rendered":"http:\/\/kiga-im-alten-schulhaus.de\/kias2\/?page_id=14"},"modified":"2026-02-27T09:25:19","modified_gmt":"2026-02-27T08:25:19","slug":"about","status":"publish","type":"page","link":"https:\/\/kiga-im-alten-schulhaus.de\/kias2\/about\/","title":{"rendered":"Impressum"},"content":{"rendered":"<p>Impressum des<\/p>\n<p>Kindergarten im Alten Schulhaus e.V.<br \/>\nMuspillistra\u00dfe 27, 81925 M\u00fcnchen<br \/>\nPhone: +49 (0)89 3276 3439<br \/>\n<a href=\"mailto:finanzen@kiga-im alten-Schulhaus.de\">Mail: fin&#97;&#110;&#122;&#x65;&#x6e;&#x40;&#x6b;&#x69;&#x67;a-i&#109;&#45;&#97;&#108;&#x74;&#x65;&#x6e;&#x2d;&#x73;&#x63;hul&#104;&#97;&#117;&#x73;&#x2e;&#x64;&#x65;<\/a><\/p>\n<p>Tempor\u00e4re Adresse von Februar 2026 bis voraussichtlich Oktober 2026<\/p>\n<p>Kindergarten im Alten Schulhaus e.V.<br \/>\nEnglschalkinger Stra\u00dfe 234, 81927 M\u00fcnchen<br \/>\nPhone: +49 (0)89 3276 3439<br \/>\n<a href=\"mailto:finanzen@kiga-im alten-Schulhaus.de\">Mail: &#102;i&#x6e;a&#x6e;z&#x65;&#110;&#x40;&#107;&#x69;&#103;a&#x2d;i&#x6d;-&#x61;&#108;&#x74;&#101;&#x6e;&#45;&#x73;&#99;h&#x75;l&#x68;a&#x75;&#115;&#x2e;&#100;&#x65;<\/a><\/p>\n<p>Sitz M\u00fcnchen, Vereinsregister Amtsgericht M\u00fcnchen<\/p>\n<p>Bilder<br \/>\nKinder des Kindergartens im Alten Schulhaus<\/p>\n<p>Copyright<br \/>\nKindergarten im Alten Schulhaus e.V.<\/p>\n<h3><\/h3>\n<h3>Haftung f\u00fcr Links<\/h3>\n<p>Unser Angebot enth\u00e4lt Links zu externen Websites Dritter, auf deren Inhalte wir keinen Einfluss haben. Deshalb k\u00f6nnen wir f\u00fcr diese fremden Inhalte auch keine Gew\u00e4hr \u00fcbernehmen. F\u00fcr die Inhalte der verlinkten Seiten ist ausschlie\u00dflich der jeweilige Anbieter oder Betreiber der Seiten verantwortlich. Die verlinkten Seiten wurden zum Zeitpunkt der Verlinkung auf m\u00f6gliche Rechtsverst\u00f6\u00dfe \u00fcberpr\u00fcft. Rechtswidrige Inhalte waren zum Zeitpunkt der Verlinkung nicht erkennbar. Eine Haftung und Garantie f\u00fcr die Aktualit\u00e4t, Richtigkeit, sowie f\u00fcr die Vollst\u00e4ndigkeit kann nicht \u00fcbernommen werden. Das gleiche gilt f\u00fcr die Seiten, auf die wir per Link verweisen. Wir behalten uns das Recht vor, \u00c4nderungen und Erg\u00e4nzungen vorzunehmen.<\/p>\n<p>Eine permanente inhaltliche Kontrolle der verlinkten Seiten ist jedoch ohne konkrete Anhaltspunkte einer Rechtsverletzung nicht zumutbar. Bei Bekanntwerden von Rechtsverletzungen werden wir derartige Links umgehend entfernen.<\/p>\n<h3>Urheberrecht<\/h3>\n<p>Die durch die Seitenbetreiber erstellten Inhalte und Werke auf diesen Seiten unterliegen dem deutschen Urheberrecht. Die Vervielf\u00e4ltigung, Bearbeitung, Verbreitung und jede Art der Verwertung au\u00dferhalb der Grenzen des Urheberrechtes bed\u00fcrfen der schriftlichen Zustimmung des jeweiligen Autors bzw. Erstellers. Downloads und Kopien dieser Seite sind nur f\u00fcr den privaten, nicht kommerziellen Gebrauch gestattet.<\/p>\n<p>Soweit die Inhalte auf dieser Seite nicht vom Betreiber erstellt wurden, werden die Urheberrechte Dritter beachtet. Insbesondere werden Inhalte Dritter als solche gekennzeichnet. Sollten Sie trotzdem auf eine Urheberrechtsverletzung aufmerksam werden, bitten wir um einen entsprechenden Hinweis. Bei Bekanntwerden von Rechtsverletzungen werden wir derartige Inhalte umgehend entfernen.<\/p>\n<p>&nbsp;<\/p>\n<p>Unser Kindergarten.<\/p>\n","protected":false},"excerpt":{"rendered":"<p>Impressum des Kindergarten im Alten Schulhaus e.V. Muspillistra\u00dfe 27, 81925 M\u00fcnchen Phone: +49 (0)89 3276 3439 Mail: &#102;&#x69;&#x6e;&#97;&#x6e;&#x7a;e&#x6e;&#x40;k&#105;&#x67;a&#45;&#x69;m&#45;&#x61;l&#116;&#x65;n&#45;&#x73;&#x63;&#104;&#x75;&#x6c;&#104;&#x61;&#x75;s&#x2e;&#x64;e Tempor\u00e4re Adresse von Februar 2026 bis voraussichtlich Oktober 2026 Kindergarten im Alten Schulhaus e.V. Englschalkinger Stra\u00dfe 234, 81927 M\u00fcnchen Phone: +49 (0)89 &hellip; <\/p>\n","protected":false},"author":11,"featured_media":249,"parent":0,"menu_order":0,"comment_status":"closed","ping_status":"closed","template":"","meta":{"footnotes":""},"class_list":["post-14","page","type-page","status-publish","has-post-thumbnail","hentry"],"yoast_head":"<!-- This site is optimized with the Yoast SEO plugin v27.3 - https:\/\/yoast.com\/product\/yoast-seo-wordpress\/ -->\n<title>Kindergarten im alten Schulhaus e.V.<\/title>\n<meta name=\"robots\" content=\"index, follow, max-snippet:-1, max-image-preview:large, max-video-preview:-1\" \/>\n<link rel=\"canonical\" href=\"https:\/\/kiga-im-alten-schulhaus.de\/kias2\/about\/\" \/>\n<meta property=\"og:locale\" content=\"de_DE\" \/>\n<meta property=\"og:type\" content=\"article\" \/>\n<meta property=\"og:title\" content=\"Kindergarten im alten Schulhaus e.V.\" \/>\n<meta property=\"og:description\" content=\"Impressum des Kindergarten im Alten Schulhaus e.V. Muspillistra\u00dfe 27, 81925 M\u00fcnchen Phone: +49 (0)89 3276 3439 Mail: &#x66;&#x69;&#x6e;&#x61;&#x6e;&#x7a;&#x65;&#x6e;&#x40;&#x6b;&#x69;&#x67;&#x61;&#x2d;&#x69;&#x6d;&#x2d;&#x61;&#x6c;&#x74;&#x65;&#x6e;&#x2d;&#x73;&#x63;&#x68;&#x75;&#x6c;&#x68;&#x61;&#x75;&#x73;&#x2e;&#x64;&#x65; Tempor\u00e4re Adresse von Februar 2026 bis voraussichtlich Oktober 2026 Kindergarten im Alten Schulhaus e.V. Englschalkinger Stra\u00dfe 234, 81927 M\u00fcnchen Phone: +49 (0)89 &hellip;\" \/>\n<meta property=\"og:url\" content=\"https:\/\/kiga-im-alten-schulhaus.de\/kias2\/about\/\" \/>\n<meta property=\"og:site_name\" content=\"Kindergarten im alten Schulhaus e.V.\" \/>\n<meta property=\"article:modified_time\" content=\"2026-02-27T08:25:19+00:00\" \/>\n<meta property=\"og:image\" content=\"https:\/\/kiga-im-alten-schulhaus.de\/kias2\/wp-content\/uploads\/2017\/03\/haus-e1513361385586.jpg\" \/>\n\t<meta property=\"og:image:width\" content=\"397\" \/>\n\t<meta property=\"og:image:height\" content=\"187\" \/>\n\t<meta property=\"og:image:type\" content=\"image\/jpeg\" \/>\n<meta name=\"twitter:card\" content=\"summary_large_image\" \/>\n<meta name=\"twitter:label1\" content=\"Gesch\u00e4tzte Lesezeit\" \/>\n\t<meta name=\"twitter:data1\" content=\"2\u00a0Minuten\" \/>\n<script type=\"application\/ld+json\" class=\"yoast-schema-graph\">{\"@context\":\"https:\\\/\\\/schema.org\",\"@graph\":[{\"@type\":\"WebPage\",\"@id\":\"https:\\\/\\\/kiga-im-alten-schulhaus.de\\\/kias2\\\/about\\\/\",\"url\":\"https:\\\/\\\/kiga-im-alten-schulhaus.de\\\/kias2\\\/about\\\/\",\"name\":\"Kindergarten im alten Schulhaus e.V.\",\"isPartOf\":{\"@id\":\"https:\\\/\\\/kiga-im-alten-schulhaus.de\\\/kias2\\\/#website\"},\"primaryImageOfPage\":{\"@id\":\"https:\\\/\\\/kiga-im-alten-schulhaus.de\\\/kias2\\\/about\\\/#primaryimage\"},\"image\":{\"@id\":\"https:\\\/\\\/kiga-im-alten-schulhaus.de\\\/kias2\\\/about\\\/#primaryimage\"},\"thumbnailUrl\":\"https:\\\/\\\/kiga-im-alten-schulhaus.de\\\/kias2\\\/wp-content\\\/uploads\\\/2017\\\/03\\\/haus-e1513361385586.jpg\",\"datePublished\":\"2017-03-06T18:07:35+00:00\",\"dateModified\":\"2026-02-27T08:25:19+00:00\",\"breadcrumb\":{\"@id\":\"https:\\\/\\\/kiga-im-alten-schulhaus.de\\\/kias2\\\/about\\\/#breadcrumb\"},\"inLanguage\":\"de\",\"potentialAction\":[{\"@type\":\"ReadAction\",\"target\":[\"https:\\\/\\\/kiga-im-alten-schulhaus.de\\\/kias2\\\/about\\\/\"]}]},{\"@type\":\"ImageObject\",\"inLanguage\":\"de\",\"@id\":\"https:\\\/\\\/kiga-im-alten-schulhaus.de\\\/kias2\\\/about\\\/#primaryimage\",\"url\":\"https:\\\/\\\/kiga-im-alten-schulhaus.de\\\/kias2\\\/wp-content\\\/uploads\\\/2017\\\/03\\\/haus-e1513361385586.jpg\",\"contentUrl\":\"https:\\\/\\\/kiga-im-alten-schulhaus.de\\\/kias2\\\/wp-content\\\/uploads\\\/2017\\\/03\\\/haus-e1513361385586.jpg\",\"width\":397,\"height\":187},{\"@type\":\"BreadcrumbList\",\"@id\":\"https:\\\/\\\/kiga-im-alten-schulhaus.de\\\/kias2\\\/about\\\/#breadcrumb\",\"itemListElement\":[{\"@type\":\"ListItem\",\"position\":1,\"name\":\"Home\",\"item\":\"https:\\\/\\\/kiga-im-alten-schulhaus.de\\\/kias2\\\/\"},{\"@type\":\"ListItem\",\"position\":2,\"name\":\"Impressum\"}]},{\"@type\":\"WebSite\",\"@id\":\"https:\\\/\\\/kiga-im-alten-schulhaus.de\\\/kias2\\\/#website\",\"url\":\"https:\\\/\\\/kiga-im-alten-schulhaus.de\\\/kias2\\\/\",\"name\":\"Kindergarten im alten Schulhaus e.V.\",\"description\":\"\",\"publisher\":{\"@id\":\"https:\\\/\\\/kiga-im-alten-schulhaus.de\\\/kias2\\\/#organization\"},\"potentialAction\":[{\"@type\":\"SearchAction\",\"target\":{\"@type\":\"EntryPoint\",\"urlTemplate\":\"https:\\\/\\\/kiga-im-alten-schulhaus.de\\\/kias2\\\/?s={search_term_string}\"},\"query-input\":{\"@type\":\"PropertyValueSpecification\",\"valueRequired\":true,\"valueName\":\"search_term_string\"}}],\"inLanguage\":\"de\"},{\"@type\":\"Organization\",\"@id\":\"https:\\\/\\\/kiga-im-alten-schulhaus.de\\\/kias2\\\/#organization\",\"name\":\"Kindergarten im Alten Schulhaus e.V.\",\"url\":\"https:\\\/\\\/kiga-im-alten-schulhaus.de\\\/kias2\\\/\",\"logo\":{\"@type\":\"ImageObject\",\"inLanguage\":\"de\",\"@id\":\"https:\\\/\\\/kiga-im-alten-schulhaus.de\\\/kias2\\\/#\\\/schema\\\/logo\\\/image\\\/\",\"url\":\"http:\\\/\\\/kiga-im-alten-schulhaus.de\\\/kias2\\\/wp-content\\\/uploads\\\/2017\\\/03\\\/cropped-haus-1.jpg\",\"contentUrl\":\"http:\\\/\\\/kiga-im-alten-schulhaus.de\\\/kias2\\\/wp-content\\\/uploads\\\/2017\\\/03\\\/cropped-haus-1.jpg\",\"width\":512,\"height\":512,\"caption\":\"Kindergarten im Alten Schulhaus e.V.\"},\"image\":{\"@id\":\"https:\\\/\\\/kiga-im-alten-schulhaus.de\\\/kias2\\\/#\\\/schema\\\/logo\\\/image\\\/\"}}]}<\/script>\n<!-- \/ Yoast SEO plugin. -->","yoast_head_json":{"title":"Kindergarten im alten Schulhaus e.V.","robots":{"index":"index","follow":"follow","max-snippet":"max-snippet:-1","max-image-preview":"max-image-preview:large","max-video-preview":"max-video-preview:-1"},"canonical":"https:\/\/kiga-im-alten-schulhaus.de\/kias2\/about\/","og_locale":"de_DE","og_type":"article","og_title":"Kindergarten im alten Schulhaus e.V.","og_description":"Impressum des Kindergarten im Alten Schulhaus e.V. Muspillistra\u00dfe 27, 81925 M\u00fcnchen Phone: +49 (0)89 3276 3439 Mail: &#x66;&#x69;&#x6e;&#x61;&#x6e;&#x7a;&#x65;&#x6e;&#x40;&#x6b;&#x69;&#x67;&#x61;&#x2d;&#x69;&#x6d;&#x2d;&#x61;&#x6c;&#x74;&#x65;&#x6e;&#x2d;&#x73;&#x63;&#x68;&#x75;&#x6c;&#x68;&#x61;&#x75;&#x73;&#x2e;&#x64;&#x65; Tempor\u00e4re Adresse von Februar 2026 bis voraussichtlich Oktober 2026 Kindergarten im Alten Schulhaus e.V. Englschalkinger Stra\u00dfe 234, 81927 M\u00fcnchen Phone: +49 (0)89 &hellip;","og_url":"https:\/\/kiga-im-alten-schulhaus.de\/kias2\/about\/","og_site_name":"Kindergarten im alten Schulhaus e.V.","article_modified_time":"2026-02-27T08:25:19+00:00","og_image":[{"width":397,"height":187,"url":"https:\/\/kiga-im-alten-schulhaus.de\/kias2\/wp-content\/uploads\/2017\/03\/haus-e1513361385586.jpg","type":"image\/jpeg"}],"twitter_card":"summary_large_image","twitter_misc":{"Gesch\u00e4tzte Lesezeit":"2\u00a0Minuten"},"schema":{"@context":"https:\/\/schema.org","@graph":[{"@type":"WebPage","@id":"https:\/\/kiga-im-alten-schulhaus.de\/kias2\/about\/","url":"https:\/\/kiga-im-alten-schulhaus.de\/kias2\/about\/","name":"Kindergarten im alten Schulhaus e.V.","isPartOf":{"@id":"https:\/\/kiga-im-alten-schulhaus.de\/kias2\/#website"},"primaryImageOfPage":{"@id":"https:\/\/kiga-im-alten-schulhaus.de\/kias2\/about\/#primaryimage"},"image":{"@id":"https:\/\/kiga-im-alten-schulhaus.de\/kias2\/about\/#primaryimage"},"thumbnailUrl":"https:\/\/kiga-im-alten-schulhaus.de\/kias2\/wp-content\/uploads\/2017\/03\/haus-e1513361385586.jpg","datePublished":"2017-03-06T18:07:35+00:00","dateModified":"2026-02-27T08:25:19+00:00","breadcrumb":{"@id":"https:\/\/kiga-im-alten-schulhaus.de\/kias2\/about\/#breadcrumb"},"inLanguage":"de","potentialAction":[{"@type":"ReadAction","target":["https:\/\/kiga-im-alten-schulhaus.de\/kias2\/about\/"]}]},{"@type":"ImageObject","inLanguage":"de","@id":"https:\/\/kiga-im-alten-schulhaus.de\/kias2\/about\/#primaryimage","url":"https:\/\/kiga-im-alten-schulhaus.de\/kias2\/wp-content\/uploads\/2017\/03\/haus-e1513361385586.jpg","contentUrl":"https:\/\/kiga-im-alten-schulhaus.de\/kias2\/wp-content\/uploads\/2017\/03\/haus-e1513361385586.jpg","width":397,"height":187},{"@type":"BreadcrumbList","@id":"https:\/\/kiga-im-alten-schulhaus.de\/kias2\/about\/#breadcrumb","itemListElement":[{"@type":"ListItem","position":1,"name":"Home","item":"https:\/\/kiga-im-alten-schulhaus.de\/kias2\/"},{"@type":"ListItem","position":2,"name":"Impressum"}]},{"@type":"WebSite","@id":"https:\/\/kiga-im-alten-schulhaus.de\/kias2\/#website","url":"https:\/\/kiga-im-alten-schulhaus.de\/kias2\/","name":"Kindergarten im alten Schulhaus e.V.","description":"","publisher":{"@id":"https:\/\/kiga-im-alten-schulhaus.de\/kias2\/#organization"},"potentialAction":[{"@type":"SearchAction","target":{"@type":"EntryPoint","urlTemplate":"https:\/\/kiga-im-alten-schulhaus.de\/kias2\/?s={search_term_string}"},"query-input":{"@type":"PropertyValueSpecification","valueRequired":true,"valueName":"search_term_string"}}],"inLanguage":"de"},{"@type":"Organization","@id":"https:\/\/kiga-im-alten-schulhaus.de\/kias2\/#organization","name":"Kindergarten im Alten Schulhaus e.V.","url":"https:\/\/kiga-im-alten-schulhaus.de\/kias2\/","logo":{"@type":"ImageObject","inLanguage":"de","@id":"https:\/\/kiga-im-alten-schulhaus.de\/kias2\/#\/schema\/logo\/image\/","url":"http:\/\/kiga-im-alten-schulhaus.de\/kias2\/wp-content\/uploads\/2017\/03\/cropped-haus-1.jpg","contentUrl":"http:\/\/kiga-im-alten-schulhaus.de\/kias2\/wp-content\/uploads\/2017\/03\/cropped-haus-1.jpg","width":512,"height":512,"caption":"Kindergarten im Alten Schulhaus e.V."},"image":{"@id":"https:\/\/kiga-im-alten-schulhaus.de\/kias2\/#\/schema\/logo\/image\/"}}]}},"_links":{"self":[{"href":"https:\/\/kiga-im-alten-schulhaus.de\/kias2\/wp-json\/wp\/v2\/pages\/14","targetHints":{"allow":["GET"]}}],"collection":[{"href":"https:\/\/kiga-im-alten-schulhaus.de\/kias2\/wp-json\/wp\/v2\/pages"}],"about":[{"href":"https:\/\/kiga-im-alten-schulhaus.de\/kias2\/wp-json\/wp\/v2\/types\/page"}],"author":[{"embeddable":true,"href":"https:\/\/kiga-im-alten-schulhaus.de\/kias2\/wp-json\/wp\/v2\/users\/11"}],"replies":[{"embeddable":true,"href":"https:\/\/kiga-im-alten-schulhaus.de\/kias2\/wp-json\/wp\/v2\/comments?post=14"}],"version-history":[{"count":10,"href":"https:\/\/kiga-im-alten-schulhaus.de\/kias2\/wp-json\/wp\/v2\/pages\/14\/revisions"}],"predecessor-version":[{"id":2331,"href":"https:\/\/kiga-im-alten-schulhaus.de\/kias2\/wp-json\/wp\/v2\/pages\/14\/revisions\/2331"}],"wp:featuredmedia":[{"embeddable":true,"href":"https:\/\/kiga-im-alten-schulhaus.de\/kias2\/wp-json\/wp\/v2\/media\/249"}],"wp:attachment":[{"href":"https:\/\/kiga-im-alten-schulhaus.de\/kias2\/wp-json\/wp\/v2\/media?parent=14"}],"curies":[{"name":"wp","href":"https:\/\/api.w.org\/{rel}","templated":true}]}}