{"id":1900,"date":"2023-04-16T20:11:25","date_gmt":"2023-04-16T19:11:25","guid":{"rendered":"http:\/\/kiga-im-alten-schulhaus.de\/kias2\/?page_id=1900"},"modified":"2023-04-23T21:50:56","modified_gmt":"2023-04-23T20:50:56","slug":"paedagogische-angebote","status":"publish","type":"page","link":"https:\/\/kiga-im-alten-schulhaus.de\/kias2\/konzept\/paedagogische-angebote\/","title":{"rendered":"P\u00e4dagogische Angebote"},"content":{"rendered":"<p><span style=\"color: #ff6600;\"><strong><span style=\"font-size: 18pt;\">Morgenkreis<\/span><\/strong><\/span><\/p>\n<p><img loading=\"lazy\" decoding=\"async\" class=\"alignright wp-image-1897\" src=\"https:\/\/kiga-im-alten-schulhaus.de\/kias2\/wp-content\/uploads\/2023\/04\/Morgenkreis_2.jpg\" alt=\"\" width=\"300\" height=\"199\" \/>Der Morgenkreis findet in unserem Kindergarten an mehreren Tagen der Woche statt. Er ist ein offenes und situationsorientiertes Angebot, an dem die Kinder teilnehmen k\u00f6nnen, aber nicht m\u00fcssen. Im Morgenkreis werden das Wir-Gef\u00fchl und die sozialen Kompetenzen der Kinder gest\u00e4rkt, sowie das soziale Miteinander einge\u00fcbt. Im Fokus stehen der Spa\u00df und das Vergn\u00fcgen. Durch Gruppenspiele wird die Freude an der Gemeinschaft gest\u00e4rkt. Die Neugier an neuen und unbekannten Themen wird in einer entspannten Atmosph\u00e4re geweckt. Die Kinder werden angeregt, ohne sie zu \u00fcberfordern.<\/p>\n<p><span style=\"font-size: 18pt;\"><strong><span style=\"color: #ff6600;\">Kinderkonferenz \u201eKleine Versammlung\u201c<\/span><\/strong><\/span><\/p>\n<p>Mindestens einmal im Monat findet eine Kinderkonferenz statt, in der alle Kinder die M\u00f6glichkeit haben sich gemeinsam auszutauschen, sich zu beschweren, Regeln neu zu besprechen, Ideen zu \u00e4u\u00dfern, Feste und Aktivit\u00e4ten zu planen oder demokratisch \u00fcber Rituale und Aktivit\u00e4ten abzustimmen.<\/p>\n<p><strong><span style=\"font-size: 18pt; color: #ff6600;\">Sing- und Bewegungskreis<\/span><\/strong><\/p>\n<p><img loading=\"lazy\" decoding=\"async\" class=\"size-medium wp-image-1898 alignleft\" src=\"https:\/\/kiga-im-alten-schulhaus.de\/kias2\/wp-content\/uploads\/2023\/04\/Morgenkreis_3-300x200.jpg\" alt=\"\" width=\"300\" height=\"200\" srcset=\"https:\/\/kiga-im-alten-schulhaus.de\/kias2\/wp-content\/uploads\/2023\/04\/Morgenkreis_3-300x200.jpg 300w, https:\/\/kiga-im-alten-schulhaus.de\/kias2\/wp-content\/uploads\/2023\/04\/Morgenkreis_3.jpg 342w\" sizes=\"auto, (max-width: 300px) 100vw, 300px\" \/>Unser Sing- und Bewegungskreis, bei dem Musik und Bewegung zusammenkommen und die kindliche Entwicklung mit viel Spa\u00df und Freude gef\u00f6rdert wird, findet einmal w\u00f6chentlich statt und ist ein freiwilliges Angebot. Die Kinder k\u00f6nnen Zuschauen, nachahmen oder eigene Bewegungen ausprobieren. Gleichzeitig werden die Sprache, Rhythmik und Merkf\u00e4higkeit erweitert und ge\u00fcbt.<\/p>\n<p>&nbsp;<\/p>\n<p><span style=\"font-size: 18pt;\"><strong><span style=\"color: #ff6600;\">Kreativnachmittag<\/span><\/strong><\/span><\/p>\n<p><img loading=\"lazy\" decoding=\"async\" class=\"size-medium wp-image-1895 alignright\" src=\"https:\/\/kiga-im-alten-schulhaus.de\/kias2\/wp-content\/uploads\/2023\/04\/Kreativ_3-300x199.jpg\" alt=\"\" width=\"300\" height=\"199\" srcset=\"https:\/\/kiga-im-alten-schulhaus.de\/kias2\/wp-content\/uploads\/2023\/04\/Kreativ_3-300x199.jpg 300w, https:\/\/kiga-im-alten-schulhaus.de\/kias2\/wp-content\/uploads\/2023\/04\/Kreativ_3.jpg 414w\" sizes=\"auto, (max-width: 300px) 100vw, 300px\" \/>Unser Kreativnachmittag findet einmal in der Woche als freiwilliges Angebot statt. Hierbei k\u00f6nnen die unterschiedlichen Materialien, Farben und Techniken genutzt werden, um kleine Kunstwerke zu erschaffen. Fantasie, Kreativit\u00e4t und Konzentration erhalten hier den Raum, sich weiter zu entfalten. Aber auch das Entdecken unterschiedlicher Kunststile und K\u00fcnstlerInnen ist spannend und inspirierend.<\/p>\n<p><strong><span style=\"color: #ff6600; font-size: 18pt;\">Kindertanz<\/span><\/strong><\/p>\n<p>Einmal in der Woche findet in unserem Kindergarten der offene Kindertanznachmittag statt. Beim Tanzen k\u00f6nnen sich interessierte Kinder entspannen oder auspowern und neue Bewegungen und Bewegungsabl\u00e4ufe ausprobieren. Muskelaufbau, Grobmotorik, Gelenkigkeit, K\u00f6rperbeherrschung, Balance und Koordination werden gef\u00f6rdert und das soziale Miteinander unterst\u00fctzt.<\/p>\n<p><span style=\"font-size: 18pt; color: #ff6600;\"><strong>Yoga<\/strong><\/span><\/p>\n<p>Der Kinderyoga-Kurs ist ein freiwilliges Angebot, welches einmal in der Woche von einer qualifizierten Yogalehrerin in unseren R\u00e4umlichkeiten angeboten wird. (kostenpflichtig)<\/p>\n<p><strong><span style=\"color: #ff6600; font-size: 18pt;\">Vorschule<\/span><\/strong><\/p>\n<p><img loading=\"lazy\" decoding=\"async\" class=\"size-medium wp-image-1230 alignright\" src=\"https:\/\/kiga-im-alten-schulhaus.de\/kias2\/wp-content\/uploads\/2018\/08\/SAM_9177-e1681672814609-300x199.jpg\" alt=\"\" width=\"300\" height=\"199\" srcset=\"https:\/\/kiga-im-alten-schulhaus.de\/kias2\/wp-content\/uploads\/2018\/08\/SAM_9177-e1681672814609-300x199.jpg 300w, https:\/\/kiga-im-alten-schulhaus.de\/kias2\/wp-content\/uploads\/2018\/08\/SAM_9177-e1681672814609-768x511.jpg 768w, https:\/\/kiga-im-alten-schulhaus.de\/kias2\/wp-content\/uploads\/2018\/08\/SAM_9177-e1681672814609-1024x681.jpg 1024w, https:\/\/kiga-im-alten-schulhaus.de\/kias2\/wp-content\/uploads\/2018\/08\/SAM_9177-e1681672814609-1536x1021.jpg 1536w, https:\/\/kiga-im-alten-schulhaus.de\/kias2\/wp-content\/uploads\/2018\/08\/SAM_9177-e1681672814609-2048x1361.jpg 2048w\" sizes=\"auto, (max-width: 300px) 100vw, 300px\" \/>Einmal in der Woche treffen sich alle Kinder, die sich im letzten Kindergartenjahr befinden. Gem\u00e4\u00df dem offenen und situationsorientierten Ansatz k\u00f6nnen die Vorschulkinder gemeinsam bestimmen, womit sie sich im Jahr vor der Schule intensiver besch\u00e4ftigen wollen, was sie noch erforschen und entdecken m\u00f6chten und welche Ausfl\u00fcge mit der Vorschulgruppe gemacht werden sollen.<\/p>\n<p><span style=\"color: #ff6600;\"><strong><span style=\"font-size: 18pt;\">Raus aus dem Haus<\/span><\/strong><\/span><\/p>\n<p>Spazierg\u00e4nge und organisierte Aktivit\u00e4ten au\u00dferhalb des Kindergartens mit der Kindergartengruppe bieten den Kindern die Chance, ihre Umgebung au\u00dferhalb des gewohnten Umfelds zu erkunden. Sie k\u00f6nnen neue Erfahrungen und wichtige Eindr\u00fccke sammeln. Insbesondere unsere Vorschulgruppe erfreut sich an organisierten Aktivit\u00e4ten, die sie gemeinsam planen, durchf\u00fchren und anschlie\u00dfend in der Vorschulgruppe reflektieren.<\/p>\n<p><strong><span style=\"color: #ff6600; font-size: 18pt;\">Feste<\/span><\/strong><\/p>\n<p><img loading=\"lazy\" decoding=\"async\" class=\"size-medium wp-image-1887 alignleft\" src=\"https:\/\/kiga-im-alten-schulhaus.de\/kias2\/wp-content\/uploads\/2023\/04\/Fest_2-300x199.jpg\" alt=\"\" width=\"300\" height=\"199\" srcset=\"https:\/\/kiga-im-alten-schulhaus.de\/kias2\/wp-content\/uploads\/2023\/04\/Fest_2-300x199.jpg 300w, https:\/\/kiga-im-alten-schulhaus.de\/kias2\/wp-content\/uploads\/2023\/04\/Fest_2.jpg 414w\" sizes=\"auto, (max-width: 300px) 100vw, 300px\" \/>Unser Kindergartenjahr umfasst mehrere Feste und Feiern. Gemeinsame Feste bieten die M\u00f6glichkeit, miteinander in Kontakt zu kommen, sich besser kennenzulernen, aber auch Spa\u00df miteinander zu haben. Kinder und Eltern haben die M\u00f6glichkeit, diese gemeinsam mit uns zu organisieren, zu gestalten und sich aktiv einzubringen.<\/p>\n","protected":false},"excerpt":{"rendered":"<p>Morgenkreis Der Morgenkreis findet in unserem Kindergarten an mehreren Tagen der Woche statt. Er ist ein offenes und situationsorientiertes Angebot, an dem die Kinder teilnehmen k\u00f6nnen, aber nicht m\u00fcssen. Im Morgenkreis werden das Wir-Gef\u00fchl und die sozialen Kompetenzen der Kinder &hellip; <\/p>\n","protected":false},"author":9,"featured_media":0,"parent":40,"menu_order":0,"comment_status":"closed","ping_status":"closed","template":"","meta":{"footnotes":""},"class_list":["post-1900","page","type-page","status-publish","hentry"],"yoast_head":"<!-- This site is optimized with the Yoast SEO plugin v27.3 - https:\/\/yoast.com\/product\/yoast-seo-wordpress\/ -->\n<title>Kindergarten im alten Schulhaus e.V. &#8211; P\u00e4dagogische Angebote<\/title>\n<meta name=\"robots\" content=\"index, follow, max-snippet:-1, max-image-preview:large, max-video-preview:-1\" \/>\n<link rel=\"canonical\" href=\"https:\/\/kiga-im-alten-schulhaus.de\/kias2\/konzept\/paedagogische-angebote\/\" \/>\n<meta property=\"og:locale\" content=\"de_DE\" \/>\n<meta property=\"og:type\" content=\"article\" \/>\n<meta property=\"og:title\" content=\"Kindergarten im alten Schulhaus e.V. &#8211; P\u00e4dagogische Angebote\" \/>\n<meta property=\"og:description\" content=\"Morgenkreis Der Morgenkreis findet in unserem Kindergarten an mehreren Tagen der Woche statt. Er ist ein offenes und situationsorientiertes Angebot, an dem die Kinder teilnehmen k\u00f6nnen, aber nicht m\u00fcssen. Im Morgenkreis werden das Wir-Gef\u00fchl und die sozialen Kompetenzen der Kinder &hellip;\" \/>\n<meta property=\"og:url\" content=\"https:\/\/kiga-im-alten-schulhaus.de\/kias2\/konzept\/paedagogische-angebote\/\" \/>\n<meta property=\"og:site_name\" content=\"Kindergarten im alten Schulhaus e.V.\" \/>\n<meta property=\"article:modified_time\" content=\"2023-04-23T20:50:56+00:00\" \/>\n<meta property=\"og:image\" content=\"http:\/\/kiga-im-alten-schulhaus.de\/kias2\/wp-content\/uploads\/2023\/04\/Morgenkreis_2.jpg\" \/>\n<meta name=\"twitter:card\" content=\"summary_large_image\" \/>\n<meta name=\"twitter:label1\" content=\"Gesch\u00e4tzte Lesezeit\" \/>\n\t<meta name=\"twitter:data1\" content=\"4\u00a0Minuten\" \/>\n<script type=\"application\/ld+json\" class=\"yoast-schema-graph\">{\"@context\":\"https:\\\/\\\/schema.org\",\"@graph\":[{\"@type\":\"WebPage\",\"@id\":\"https:\\\/\\\/kiga-im-alten-schulhaus.de\\\/kias2\\\/konzept\\\/paedagogische-angebote\\\/\",\"url\":\"https:\\\/\\\/kiga-im-alten-schulhaus.de\\\/kias2\\\/konzept\\\/paedagogische-angebote\\\/\",\"name\":\"Kindergarten im alten Schulhaus e.V. &#8211; P\u00e4dagogische Angebote\",\"isPartOf\":{\"@id\":\"https:\\\/\\\/kiga-im-alten-schulhaus.de\\\/kias2\\\/#website\"},\"primaryImageOfPage\":{\"@id\":\"https:\\\/\\\/kiga-im-alten-schulhaus.de\\\/kias2\\\/konzept\\\/paedagogische-angebote\\\/#primaryimage\"},\"image\":{\"@id\":\"https:\\\/\\\/kiga-im-alten-schulhaus.de\\\/kias2\\\/konzept\\\/paedagogische-angebote\\\/#primaryimage\"},\"thumbnailUrl\":\"http:\\\/\\\/kiga-im-alten-schulhaus.de\\\/kias2\\\/wp-content\\\/uploads\\\/2023\\\/04\\\/Morgenkreis_2.jpg\",\"datePublished\":\"2023-04-16T19:11:25+00:00\",\"dateModified\":\"2023-04-23T20:50:56+00:00\",\"breadcrumb\":{\"@id\":\"https:\\\/\\\/kiga-im-alten-schulhaus.de\\\/kias2\\\/konzept\\\/paedagogische-angebote\\\/#breadcrumb\"},\"inLanguage\":\"de\",\"potentialAction\":[{\"@type\":\"ReadAction\",\"target\":[\"https:\\\/\\\/kiga-im-alten-schulhaus.de\\\/kias2\\\/konzept\\\/paedagogische-angebote\\\/\"]}]},{\"@type\":\"ImageObject\",\"inLanguage\":\"de\",\"@id\":\"https:\\\/\\\/kiga-im-alten-schulhaus.de\\\/kias2\\\/konzept\\\/paedagogische-angebote\\\/#primaryimage\",\"url\":\"https:\\\/\\\/kiga-im-alten-schulhaus.de\\\/kias2\\\/wp-content\\\/uploads\\\/2023\\\/04\\\/Morgenkreis_2.jpg\",\"contentUrl\":\"https:\\\/\\\/kiga-im-alten-schulhaus.de\\\/kias2\\\/wp-content\\\/uploads\\\/2023\\\/04\\\/Morgenkreis_2.jpg\",\"width\":226,\"height\":150},{\"@type\":\"BreadcrumbList\",\"@id\":\"https:\\\/\\\/kiga-im-alten-schulhaus.de\\\/kias2\\\/konzept\\\/paedagogische-angebote\\\/#breadcrumb\",\"itemListElement\":[{\"@type\":\"ListItem\",\"position\":1,\"name\":\"Home\",\"item\":\"https:\\\/\\\/kiga-im-alten-schulhaus.de\\\/kias2\\\/\"},{\"@type\":\"ListItem\",\"position\":2,\"name\":\"Konzept\",\"item\":\"https:\\\/\\\/kiga-im-alten-schulhaus.de\\\/kias2\\\/konzept\\\/\"},{\"@type\":\"ListItem\",\"position\":3,\"name\":\"P\u00e4dagogische Angebote\"}]},{\"@type\":\"WebSite\",\"@id\":\"https:\\\/\\\/kiga-im-alten-schulhaus.de\\\/kias2\\\/#website\",\"url\":\"https:\\\/\\\/kiga-im-alten-schulhaus.de\\\/kias2\\\/\",\"name\":\"Kindergarten im alten Schulhaus e.V.\",\"description\":\"\",\"publisher\":{\"@id\":\"https:\\\/\\\/kiga-im-alten-schulhaus.de\\\/kias2\\\/#organization\"},\"potentialAction\":[{\"@type\":\"SearchAction\",\"target\":{\"@type\":\"EntryPoint\",\"urlTemplate\":\"https:\\\/\\\/kiga-im-alten-schulhaus.de\\\/kias2\\\/?s={search_term_string}\"},\"query-input\":{\"@type\":\"PropertyValueSpecification\",\"valueRequired\":true,\"valueName\":\"search_term_string\"}}],\"inLanguage\":\"de\"},{\"@type\":\"Organization\",\"@id\":\"https:\\\/\\\/kiga-im-alten-schulhaus.de\\\/kias2\\\/#organization\",\"name\":\"Kindergarten im Alten Schulhaus e.V.\",\"url\":\"https:\\\/\\\/kiga-im-alten-schulhaus.de\\\/kias2\\\/\",\"logo\":{\"@type\":\"ImageObject\",\"inLanguage\":\"de\",\"@id\":\"https:\\\/\\\/kiga-im-alten-schulhaus.de\\\/kias2\\\/#\\\/schema\\\/logo\\\/image\\\/\",\"url\":\"http:\\\/\\\/kiga-im-alten-schulhaus.de\\\/kias2\\\/wp-content\\\/uploads\\\/2017\\\/03\\\/cropped-haus-1.jpg\",\"contentUrl\":\"http:\\\/\\\/kiga-im-alten-schulhaus.de\\\/kias2\\\/wp-content\\\/uploads\\\/2017\\\/03\\\/cropped-haus-1.jpg\",\"width\":512,\"height\":512,\"caption\":\"Kindergarten im Alten Schulhaus e.V.\"},\"image\":{\"@id\":\"https:\\\/\\\/kiga-im-alten-schulhaus.de\\\/kias2\\\/#\\\/schema\\\/logo\\\/image\\\/\"}}]}<\/script>\n<!-- \/ Yoast SEO plugin. -->","yoast_head_json":{"title":"Kindergarten im alten Schulhaus e.V. &#8211; P\u00e4dagogische Angebote","robots":{"index":"index","follow":"follow","max-snippet":"max-snippet:-1","max-image-preview":"max-image-preview:large","max-video-preview":"max-video-preview:-1"},"canonical":"https:\/\/kiga-im-alten-schulhaus.de\/kias2\/konzept\/paedagogische-angebote\/","og_locale":"de_DE","og_type":"article","og_title":"Kindergarten im alten Schulhaus e.V. &#8211; P\u00e4dagogische Angebote","og_description":"Morgenkreis Der Morgenkreis findet in unserem Kindergarten an mehreren Tagen der Woche statt. Er ist ein offenes und situationsorientiertes Angebot, an dem die Kinder teilnehmen k\u00f6nnen, aber nicht m\u00fcssen. Im Morgenkreis werden das Wir-Gef\u00fchl und die sozialen Kompetenzen der Kinder &hellip;","og_url":"https:\/\/kiga-im-alten-schulhaus.de\/kias2\/konzept\/paedagogische-angebote\/","og_site_name":"Kindergarten im alten Schulhaus e.V.","article_modified_time":"2023-04-23T20:50:56+00:00","og_image":[{"url":"http:\/\/kiga-im-alten-schulhaus.de\/kias2\/wp-content\/uploads\/2023\/04\/Morgenkreis_2.jpg","type":"","width":"","height":""}],"twitter_card":"summary_large_image","twitter_misc":{"Gesch\u00e4tzte Lesezeit":"4\u00a0Minuten"},"schema":{"@context":"https:\/\/schema.org","@graph":[{"@type":"WebPage","@id":"https:\/\/kiga-im-alten-schulhaus.de\/kias2\/konzept\/paedagogische-angebote\/","url":"https:\/\/kiga-im-alten-schulhaus.de\/kias2\/konzept\/paedagogische-angebote\/","name":"Kindergarten im alten Schulhaus e.V. &#8211; P\u00e4dagogische Angebote","isPartOf":{"@id":"https:\/\/kiga-im-alten-schulhaus.de\/kias2\/#website"},"primaryImageOfPage":{"@id":"https:\/\/kiga-im-alten-schulhaus.de\/kias2\/konzept\/paedagogische-angebote\/#primaryimage"},"image":{"@id":"https:\/\/kiga-im-alten-schulhaus.de\/kias2\/konzept\/paedagogische-angebote\/#primaryimage"},"thumbnailUrl":"http:\/\/kiga-im-alten-schulhaus.de\/kias2\/wp-content\/uploads\/2023\/04\/Morgenkreis_2.jpg","datePublished":"2023-04-16T19:11:25+00:00","dateModified":"2023-04-23T20:50:56+00:00","breadcrumb":{"@id":"https:\/\/kiga-im-alten-schulhaus.de\/kias2\/konzept\/paedagogische-angebote\/#breadcrumb"},"inLanguage":"de","potentialAction":[{"@type":"ReadAction","target":["https:\/\/kiga-im-alten-schulhaus.de\/kias2\/konzept\/paedagogische-angebote\/"]}]},{"@type":"ImageObject","inLanguage":"de","@id":"https:\/\/kiga-im-alten-schulhaus.de\/kias2\/konzept\/paedagogische-angebote\/#primaryimage","url":"https:\/\/kiga-im-alten-schulhaus.de\/kias2\/wp-content\/uploads\/2023\/04\/Morgenkreis_2.jpg","contentUrl":"https:\/\/kiga-im-alten-schulhaus.de\/kias2\/wp-content\/uploads\/2023\/04\/Morgenkreis_2.jpg","width":226,"height":150},{"@type":"BreadcrumbList","@id":"https:\/\/kiga-im-alten-schulhaus.de\/kias2\/konzept\/paedagogische-angebote\/#breadcrumb","itemListElement":[{"@type":"ListItem","position":1,"name":"Home","item":"https:\/\/kiga-im-alten-schulhaus.de\/kias2\/"},{"@type":"ListItem","position":2,"name":"Konzept","item":"https:\/\/kiga-im-alten-schulhaus.de\/kias2\/konzept\/"},{"@type":"ListItem","position":3,"name":"P\u00e4dagogische Angebote"}]},{"@type":"WebSite","@id":"https:\/\/kiga-im-alten-schulhaus.de\/kias2\/#website","url":"https:\/\/kiga-im-alten-schulhaus.de\/kias2\/","name":"Kindergarten im alten Schulhaus e.V.","description":"","publisher":{"@id":"https:\/\/kiga-im-alten-schulhaus.de\/kias2\/#organization"},"potentialAction":[{"@type":"SearchAction","target":{"@type":"EntryPoint","urlTemplate":"https:\/\/kiga-im-alten-schulhaus.de\/kias2\/?s={search_term_string}"},"query-input":{"@type":"PropertyValueSpecification","valueRequired":true,"valueName":"search_term_string"}}],"inLanguage":"de"},{"@type":"Organization","@id":"https:\/\/kiga-im-alten-schulhaus.de\/kias2\/#organization","name":"Kindergarten im Alten Schulhaus e.V.","url":"https:\/\/kiga-im-alten-schulhaus.de\/kias2\/","logo":{"@type":"ImageObject","inLanguage":"de","@id":"https:\/\/kiga-im-alten-schulhaus.de\/kias2\/#\/schema\/logo\/image\/","url":"http:\/\/kiga-im-alten-schulhaus.de\/kias2\/wp-content\/uploads\/2017\/03\/cropped-haus-1.jpg","contentUrl":"http:\/\/kiga-im-alten-schulhaus.de\/kias2\/wp-content\/uploads\/2017\/03\/cropped-haus-1.jpg","width":512,"height":512,"caption":"Kindergarten im Alten Schulhaus e.V."},"image":{"@id":"https:\/\/kiga-im-alten-schulhaus.de\/kias2\/#\/schema\/logo\/image\/"}}]}},"_links":{"self":[{"href":"https:\/\/kiga-im-alten-schulhaus.de\/kias2\/wp-json\/wp\/v2\/pages\/1900","targetHints":{"allow":["GET"]}}],"collection":[{"href":"https:\/\/kiga-im-alten-schulhaus.de\/kias2\/wp-json\/wp\/v2\/pages"}],"about":[{"href":"https:\/\/kiga-im-alten-schulhaus.de\/kias2\/wp-json\/wp\/v2\/types\/page"}],"author":[{"embeddable":true,"href":"https:\/\/kiga-im-alten-schulhaus.de\/kias2\/wp-json\/wp\/v2\/users\/9"}],"replies":[{"embeddable":true,"href":"https:\/\/kiga-im-alten-schulhaus.de\/kias2\/wp-json\/wp\/v2\/comments?post=1900"}],"version-history":[{"count":6,"href":"https:\/\/kiga-im-alten-schulhaus.de\/kias2\/wp-json\/wp\/v2\/pages\/1900\/revisions"}],"predecessor-version":[{"id":1906,"href":"https:\/\/kiga-im-alten-schulhaus.de\/kias2\/wp-json\/wp\/v2\/pages\/1900\/revisions\/1906"}],"up":[{"embeddable":true,"href":"https:\/\/kiga-im-alten-schulhaus.de\/kias2\/wp-json\/wp\/v2\/pages\/40"}],"wp:attachment":[{"href":"https:\/\/kiga-im-alten-schulhaus.de\/kias2\/wp-json\/wp\/v2\/media?parent=1900"}],"curies":[{"name":"wp","href":"https:\/\/api.w.org\/{rel}","templated":true}]}}