{"id":2026,"date":"2023-04-24T19:58:49","date_gmt":"2023-04-24T18:58:49","guid":{"rendered":"http:\/\/kiga-im-alten-schulhaus.de\/kias2\/?page_id=2026"},"modified":"2026-02-27T09:26:13","modified_gmt":"2026-02-27T08:26:13","slug":"karriere","status":"publish","type":"page","link":"https:\/\/kiga-im-alten-schulhaus.de\/kias2\/karriere\/","title":{"rendered":"Karriere"},"content":{"rendered":"<div class=\"entry-content\">\n<h2><strong><span style=\"font-size: 18pt; color: #ff6600;\">Werde Teil unseres Teams! <\/span><\/strong><\/h2>\n<p><span style=\"font-size: 14pt;\"><strong><img loading=\"lazy\" decoding=\"async\" class=\"alignnone size-full wp-image-1635\" src=\"https:\/\/kiga-im-alten-schulhaus.de\/kias2\/wp-content\/uploads\/2022\/09\/KINDERGARTEN_web_ulineumanncosel_15.jpg\" alt=\"\" width=\"2048\" height=\"1365\" srcset=\"https:\/\/kiga-im-alten-schulhaus.de\/kias2\/wp-content\/uploads\/2022\/09\/KINDERGARTEN_web_ulineumanncosel_15.jpg 2048w, https:\/\/kiga-im-alten-schulhaus.de\/kias2\/wp-content\/uploads\/2022\/09\/KINDERGARTEN_web_ulineumanncosel_15-300x200.jpg 300w, https:\/\/kiga-im-alten-schulhaus.de\/kias2\/wp-content\/uploads\/2022\/09\/KINDERGARTEN_web_ulineumanncosel_15-1024x683.jpg 1024w, https:\/\/kiga-im-alten-schulhaus.de\/kias2\/wp-content\/uploads\/2022\/09\/KINDERGARTEN_web_ulineumanncosel_15-768x512.jpg 768w, https:\/\/kiga-im-alten-schulhaus.de\/kias2\/wp-content\/uploads\/2022\/09\/KINDERGARTEN_web_ulineumanncosel_15-1536x1024.jpg 1536w\" sizes=\"auto, (max-width: 2048px) 100vw, 2048px\" \/><\/strong><\/span><\/p>\n<\/div>\n<div class=\"entry-content\">\n<p><span style=\"font-size: 14pt;\"><strong>Wer sind wir und wof\u00fcr wir stehen: Ein Haus f\u00fcr uns alle<\/strong><\/span><\/p>\n<p>Der Kindergarten im alten Schulhaus e.V. ist die \u00e4lteste Elterninitiative in M\u00fcnchen. Seit etwa 50 Jahren wird<br \/>\nunser Haus in Oberf\u00f6hring von engagierten Eltern und gl\u00fccklichen Kindern besucht und geliebt.<\/p>\n<p>&nbsp;<\/p>\n<p><strong><span style=\"font-size: 14pt;\">Was wir machen: Lachen, tanzen, staunen \u2013 Wir erfinden uns jeden Tag neu!<\/span><\/strong><\/p>\n<p>In unserem kleinen, famili\u00e4ren Kindergarten spielen, toben, singen, lachen, malen, tanzen, lesen, matschen, planschen, experimentieren, meditieren, lernen, konferieren, schreien, streiten, kuscheln und feiern 36 Kinder im Alter von 2,5 bis 6 Jahren. Bei uns steht jedes Kind mit seiner ganz besonderen Pers\u00f6nlichkeit im Mittelpunkt. Mit frei w\u00e4hlbaren Funktionsr\u00e4umen und individuell gestaltbaren Tagesabl\u00e4ufen erm\u00f6glichen wir den Kindern gr\u00f6\u00dftm\u00f6gliche Selbstbestimmung und Selbstverwirklichung. Im Freispiel und in kleinen Projekten \u2013 in unserer \u201eVilla Kunterbunt\u201c oder unserem gro\u00dfen Garten direkt an der Isar \u2013 k\u00f6nnen die Kinder ihre eigenen Ideen umsetzen, sich im Miteinander ausprobieren und situationsbasiert lernen. So wird jeder Tag zu etwas Besonderem! Unsere p\u00e4dagogischen Eckpfeiler: Bed\u00fcrfnisorientierung, Beziehungsarbeit, Freispiel, Partizipation und Resilienz.<\/p>\n<p>&nbsp;<\/p>\n<p><span style=\"font-size: 14pt;\"><strong>Was wir suchen: dich! \u2013 Mache unseren Kindergarten zu einem wundervollen Ort!<\/strong><\/span><\/p>\n<p>Du bist im Idealfall p\u00e4dagogische Fach- oder Erg\u00e4nzungskraft (Kinderpfleger*in oder Erzieher*in), m\u00f6chtest uns<br \/>\nin Teil- oder Vollzeit unterst\u00fctzen und hast\u2026<\/p>\n<ul>\n<li>Spa\u00df an engem Austausch und Engagement,<\/li>\n<li>Freude an der situationsorientierten Arbeit mit Kindern und<\/li>\n<li>Lust dich mit deinen individuellen St\u00e4rken und Interessen einzubringen.<\/li>\n<\/ul>\n<p>Aber auch als Auszubildende*r (Assistenzkraft), Freiwilligendienstleistende*r (BuFDi o. FSJ) und Springer*in<br \/>\n(Aushilfe) bist du ein wichtiger Bestandteil unseres p\u00e4dagogischen Teams!<\/p>\n<p>&nbsp;<\/p>\n<p><strong><span style=\"font-size: 14pt;\">Was wir bieten: ein Wohlf\u00fchlteam \u2013 Bringe dich ein und wachse in unserem Team!<\/span><\/strong><\/p>\n<ul>\n<li>Wertsch\u00e4tzendes, offenes und famili\u00e4res Arbeitsklima mit Raum f\u00fcr Individualit\u00e4t<\/li>\n<li>Entspannte Arbeitsatmosph\u00e4re dank gutem Personalschl\u00fcssel, Hauswirtschafterin und<br \/>\nElternnotdiensten<\/li>\n<li>Enge und vertrauensvolle Zusammenarbeit mit Tr\u00e4ger\/Elternschaft<\/li>\n<li>M\u00f6glichkeit der beruflichen Weiterentwicklung<\/li>\n<li>Urlaub auch au\u00dferhalb der Schlie\u00dfzeiten<\/li>\n<li>Verg\u00fctung nach TV\u00f6D<\/li>\n<li>Gro\u00dfer und viel genutzter Garten mit Lage direkt am Englischen Garten<\/li>\n<\/ul>\n<p>&nbsp;<\/p>\n<p>Wenn Du Lust hast unsere Kinder zum Lachen zu bringen und in unserem Team mitzuwirken, dann freuen wir uns auf Deine Bewerbung.<\/p>\n<p>Dein Ansprechpartner ist <strong>Mascha L\u00f6hner<\/strong>.<br \/>\nE-Mail: <strong>pers&#111;&#110;&#97;&#108;&#64;&#x6b;&#x69;&#x67;&#x61;&#x2d;&#x69;&#x6d;-alt&#101;&#110;&#45;&#115;&#99;&#x68;&#x75;&#x6c;&#x68;&#x61;&#x75;&#x73;&#x2e;de<\/strong><\/p>\n<\/div>\n","protected":false},"excerpt":{"rendered":"<p>Werde Teil unseres Teams! Wer sind wir und wof\u00fcr wir stehen: Ein Haus f\u00fcr uns alle Der Kindergarten im alten Schulhaus e.V. ist die \u00e4lteste Elterninitiative in M\u00fcnchen. Seit etwa 50 Jahren wird unser Haus in Oberf\u00f6hring von engagierten Eltern &hellip; <\/p>\n","protected":false},"author":9,"featured_media":0,"parent":0,"menu_order":0,"comment_status":"closed","ping_status":"closed","template":"","meta":{"footnotes":""},"class_list":["post-2026","page","type-page","status-publish","hentry"],"yoast_head":"<!-- This site is optimized with the Yoast SEO plugin v27.4 - https:\/\/yoast.com\/product\/yoast-seo-wordpress\/ -->\n<title>Kindergarten im alten Schulhaus e.V. &#8211; Karriere<\/title>\n<meta name=\"robots\" content=\"index, follow, max-snippet:-1, max-image-preview:large, max-video-preview:-1\" \/>\n<link rel=\"canonical\" href=\"https:\/\/kiga-im-alten-schulhaus.de\/kias2\/karriere\/\" \/>\n<meta property=\"og:locale\" content=\"de_DE\" \/>\n<meta property=\"og:type\" content=\"article\" \/>\n<meta property=\"og:title\" content=\"Kindergarten im alten Schulhaus e.V. &#8211; Karriere\" \/>\n<meta property=\"og:description\" content=\"Werde Teil unseres Teams! Wer sind wir und wof\u00fcr wir stehen: Ein Haus f\u00fcr uns alle Der Kindergarten im alten Schulhaus e.V. ist die \u00e4lteste Elterninitiative in M\u00fcnchen. Seit etwa 50 Jahren wird unser Haus in Oberf\u00f6hring von engagierten Eltern &hellip;\" \/>\n<meta property=\"og:url\" content=\"https:\/\/kiga-im-alten-schulhaus.de\/kias2\/karriere\/\" \/>\n<meta property=\"og:site_name\" content=\"Kindergarten im alten Schulhaus e.V.\" \/>\n<meta property=\"article:modified_time\" content=\"2026-02-27T08:26:13+00:00\" \/>\n<meta property=\"og:image\" content=\"http:\/\/kiga-im-alten-schulhaus.de\/kias2\/wp-content\/uploads\/2022\/09\/KINDERGARTEN_web_ulineumanncosel_15.jpg\" \/>\n<meta name=\"twitter:card\" content=\"summary_large_image\" \/>\n<meta name=\"twitter:label1\" content=\"Gesch\u00e4tzte Lesezeit\" \/>\n\t<meta name=\"twitter:data1\" content=\"3\u00a0Minuten\" \/>\n<script type=\"application\/ld+json\" class=\"yoast-schema-graph\">{\"@context\":\"https:\\\/\\\/schema.org\",\"@graph\":[{\"@type\":\"WebPage\",\"@id\":\"https:\\\/\\\/kiga-im-alten-schulhaus.de\\\/kias2\\\/karriere\\\/\",\"url\":\"https:\\\/\\\/kiga-im-alten-schulhaus.de\\\/kias2\\\/karriere\\\/\",\"name\":\"Kindergarten im alten Schulhaus e.V. &#8211; Karriere\",\"isPartOf\":{\"@id\":\"https:\\\/\\\/kiga-im-alten-schulhaus.de\\\/kias2\\\/#website\"},\"primaryImageOfPage\":{\"@id\":\"https:\\\/\\\/kiga-im-alten-schulhaus.de\\\/kias2\\\/karriere\\\/#primaryimage\"},\"image\":{\"@id\":\"https:\\\/\\\/kiga-im-alten-schulhaus.de\\\/kias2\\\/karriere\\\/#primaryimage\"},\"thumbnailUrl\":\"http:\\\/\\\/kiga-im-alten-schulhaus.de\\\/kias2\\\/wp-content\\\/uploads\\\/2022\\\/09\\\/KINDERGARTEN_web_ulineumanncosel_15.jpg\",\"datePublished\":\"2023-04-24T18:58:49+00:00\",\"dateModified\":\"2026-02-27T08:26:13+00:00\",\"breadcrumb\":{\"@id\":\"https:\\\/\\\/kiga-im-alten-schulhaus.de\\\/kias2\\\/karriere\\\/#breadcrumb\"},\"inLanguage\":\"de\",\"potentialAction\":[{\"@type\":\"ReadAction\",\"target\":[\"https:\\\/\\\/kiga-im-alten-schulhaus.de\\\/kias2\\\/karriere\\\/\"]}]},{\"@type\":\"ImageObject\",\"inLanguage\":\"de\",\"@id\":\"https:\\\/\\\/kiga-im-alten-schulhaus.de\\\/kias2\\\/karriere\\\/#primaryimage\",\"url\":\"http:\\\/\\\/kiga-im-alten-schulhaus.de\\\/kias2\\\/wp-content\\\/uploads\\\/2022\\\/09\\\/KINDERGARTEN_web_ulineumanncosel_15.jpg\",\"contentUrl\":\"http:\\\/\\\/kiga-im-alten-schulhaus.de\\\/kias2\\\/wp-content\\\/uploads\\\/2022\\\/09\\\/KINDERGARTEN_web_ulineumanncosel_15.jpg\"},{\"@type\":\"BreadcrumbList\",\"@id\":\"https:\\\/\\\/kiga-im-alten-schulhaus.de\\\/kias2\\\/karriere\\\/#breadcrumb\",\"itemListElement\":[{\"@type\":\"ListItem\",\"position\":1,\"name\":\"Home\",\"item\":\"https:\\\/\\\/kiga-im-alten-schulhaus.de\\\/kias2\\\/\"},{\"@type\":\"ListItem\",\"position\":2,\"name\":\"Karriere\"}]},{\"@type\":\"WebSite\",\"@id\":\"https:\\\/\\\/kiga-im-alten-schulhaus.de\\\/kias2\\\/#website\",\"url\":\"https:\\\/\\\/kiga-im-alten-schulhaus.de\\\/kias2\\\/\",\"name\":\"Kindergarten im alten Schulhaus e.V.\",\"description\":\"\",\"publisher\":{\"@id\":\"https:\\\/\\\/kiga-im-alten-schulhaus.de\\\/kias2\\\/#organization\"},\"potentialAction\":[{\"@type\":\"SearchAction\",\"target\":{\"@type\":\"EntryPoint\",\"urlTemplate\":\"https:\\\/\\\/kiga-im-alten-schulhaus.de\\\/kias2\\\/?s={search_term_string}\"},\"query-input\":{\"@type\":\"PropertyValueSpecification\",\"valueRequired\":true,\"valueName\":\"search_term_string\"}}],\"inLanguage\":\"de\"},{\"@type\":\"Organization\",\"@id\":\"https:\\\/\\\/kiga-im-alten-schulhaus.de\\\/kias2\\\/#organization\",\"name\":\"Kindergarten im Alten Schulhaus e.V.\",\"url\":\"https:\\\/\\\/kiga-im-alten-schulhaus.de\\\/kias2\\\/\",\"logo\":{\"@type\":\"ImageObject\",\"inLanguage\":\"de\",\"@id\":\"https:\\\/\\\/kiga-im-alten-schulhaus.de\\\/kias2\\\/#\\\/schema\\\/logo\\\/image\\\/\",\"url\":\"http:\\\/\\\/kiga-im-alten-schulhaus.de\\\/kias2\\\/wp-content\\\/uploads\\\/2017\\\/03\\\/cropped-haus-1.jpg\",\"contentUrl\":\"http:\\\/\\\/kiga-im-alten-schulhaus.de\\\/kias2\\\/wp-content\\\/uploads\\\/2017\\\/03\\\/cropped-haus-1.jpg\",\"width\":512,\"height\":512,\"caption\":\"Kindergarten im Alten Schulhaus e.V.\"},\"image\":{\"@id\":\"https:\\\/\\\/kiga-im-alten-schulhaus.de\\\/kias2\\\/#\\\/schema\\\/logo\\\/image\\\/\"}}]}<\/script>\n<!-- \/ Yoast SEO plugin. -->","yoast_head_json":{"title":"Kindergarten im alten Schulhaus e.V. &#8211; Karriere","robots":{"index":"index","follow":"follow","max-snippet":"max-snippet:-1","max-image-preview":"max-image-preview:large","max-video-preview":"max-video-preview:-1"},"canonical":"https:\/\/kiga-im-alten-schulhaus.de\/kias2\/karriere\/","og_locale":"de_DE","og_type":"article","og_title":"Kindergarten im alten Schulhaus e.V. &#8211; Karriere","og_description":"Werde Teil unseres Teams! Wer sind wir und wof\u00fcr wir stehen: Ein Haus f\u00fcr uns alle Der Kindergarten im alten Schulhaus e.V. ist die \u00e4lteste Elterninitiative in M\u00fcnchen. Seit etwa 50 Jahren wird unser Haus in Oberf\u00f6hring von engagierten Eltern &hellip;","og_url":"https:\/\/kiga-im-alten-schulhaus.de\/kias2\/karriere\/","og_site_name":"Kindergarten im alten Schulhaus e.V.","article_modified_time":"2026-02-27T08:26:13+00:00","og_image":[{"url":"http:\/\/kiga-im-alten-schulhaus.de\/kias2\/wp-content\/uploads\/2022\/09\/KINDERGARTEN_web_ulineumanncosel_15.jpg","type":"","width":"","height":""}],"twitter_card":"summary_large_image","twitter_misc":{"Gesch\u00e4tzte Lesezeit":"3\u00a0Minuten"},"schema":{"@context":"https:\/\/schema.org","@graph":[{"@type":"WebPage","@id":"https:\/\/kiga-im-alten-schulhaus.de\/kias2\/karriere\/","url":"https:\/\/kiga-im-alten-schulhaus.de\/kias2\/karriere\/","name":"Kindergarten im alten Schulhaus e.V. &#8211; Karriere","isPartOf":{"@id":"https:\/\/kiga-im-alten-schulhaus.de\/kias2\/#website"},"primaryImageOfPage":{"@id":"https:\/\/kiga-im-alten-schulhaus.de\/kias2\/karriere\/#primaryimage"},"image":{"@id":"https:\/\/kiga-im-alten-schulhaus.de\/kias2\/karriere\/#primaryimage"},"thumbnailUrl":"http:\/\/kiga-im-alten-schulhaus.de\/kias2\/wp-content\/uploads\/2022\/09\/KINDERGARTEN_web_ulineumanncosel_15.jpg","datePublished":"2023-04-24T18:58:49+00:00","dateModified":"2026-02-27T08:26:13+00:00","breadcrumb":{"@id":"https:\/\/kiga-im-alten-schulhaus.de\/kias2\/karriere\/#breadcrumb"},"inLanguage":"de","potentialAction":[{"@type":"ReadAction","target":["https:\/\/kiga-im-alten-schulhaus.de\/kias2\/karriere\/"]}]},{"@type":"ImageObject","inLanguage":"de","@id":"https:\/\/kiga-im-alten-schulhaus.de\/kias2\/karriere\/#primaryimage","url":"http:\/\/kiga-im-alten-schulhaus.de\/kias2\/wp-content\/uploads\/2022\/09\/KINDERGARTEN_web_ulineumanncosel_15.jpg","contentUrl":"http:\/\/kiga-im-alten-schulhaus.de\/kias2\/wp-content\/uploads\/2022\/09\/KINDERGARTEN_web_ulineumanncosel_15.jpg"},{"@type":"BreadcrumbList","@id":"https:\/\/kiga-im-alten-schulhaus.de\/kias2\/karriere\/#breadcrumb","itemListElement":[{"@type":"ListItem","position":1,"name":"Home","item":"https:\/\/kiga-im-alten-schulhaus.de\/kias2\/"},{"@type":"ListItem","position":2,"name":"Karriere"}]},{"@type":"WebSite","@id":"https:\/\/kiga-im-alten-schulhaus.de\/kias2\/#website","url":"https:\/\/kiga-im-alten-schulhaus.de\/kias2\/","name":"Kindergarten im alten Schulhaus e.V.","description":"","publisher":{"@id":"https:\/\/kiga-im-alten-schulhaus.de\/kias2\/#organization"},"potentialAction":[{"@type":"SearchAction","target":{"@type":"EntryPoint","urlTemplate":"https:\/\/kiga-im-alten-schulhaus.de\/kias2\/?s={search_term_string}"},"query-input":{"@type":"PropertyValueSpecification","valueRequired":true,"valueName":"search_term_string"}}],"inLanguage":"de"},{"@type":"Organization","@id":"https:\/\/kiga-im-alten-schulhaus.de\/kias2\/#organization","name":"Kindergarten im Alten Schulhaus e.V.","url":"https:\/\/kiga-im-alten-schulhaus.de\/kias2\/","logo":{"@type":"ImageObject","inLanguage":"de","@id":"https:\/\/kiga-im-alten-schulhaus.de\/kias2\/#\/schema\/logo\/image\/","url":"http:\/\/kiga-im-alten-schulhaus.de\/kias2\/wp-content\/uploads\/2017\/03\/cropped-haus-1.jpg","contentUrl":"http:\/\/kiga-im-alten-schulhaus.de\/kias2\/wp-content\/uploads\/2017\/03\/cropped-haus-1.jpg","width":512,"height":512,"caption":"Kindergarten im Alten Schulhaus e.V."},"image":{"@id":"https:\/\/kiga-im-alten-schulhaus.de\/kias2\/#\/schema\/logo\/image\/"}}]}},"_links":{"self":[{"href":"https:\/\/kiga-im-alten-schulhaus.de\/kias2\/wp-json\/wp\/v2\/pages\/2026","targetHints":{"allow":["GET"]}}],"collection":[{"href":"https:\/\/kiga-im-alten-schulhaus.de\/kias2\/wp-json\/wp\/v2\/pages"}],"about":[{"href":"https:\/\/kiga-im-alten-schulhaus.de\/kias2\/wp-json\/wp\/v2\/types\/page"}],"author":[{"embeddable":true,"href":"https:\/\/kiga-im-alten-schulhaus.de\/kias2\/wp-json\/wp\/v2\/users\/9"}],"replies":[{"embeddable":true,"href":"https:\/\/kiga-im-alten-schulhaus.de\/kias2\/wp-json\/wp\/v2\/comments?post=2026"}],"version-history":[{"count":10,"href":"https:\/\/kiga-im-alten-schulhaus.de\/kias2\/wp-json\/wp\/v2\/pages\/2026\/revisions"}],"predecessor-version":[{"id":2332,"href":"https:\/\/kiga-im-alten-schulhaus.de\/kias2\/wp-json\/wp\/v2\/pages\/2026\/revisions\/2332"}],"wp:attachment":[{"href":"https:\/\/kiga-im-alten-schulhaus.de\/kias2\/wp-json\/wp\/v2\/media?parent=2026"}],"curies":[{"name":"wp","href":"https:\/\/api.w.org\/{rel}","templated":true}]}}