{"id":2218,"date":"2025-07-24T20:55:42","date_gmt":"2025-07-24T19:55:42","guid":{"rendered":"https:\/\/kiga-im-alten-schulhaus.de\/kias2\/?page_id=2218"},"modified":"2025-09-19T15:12:43","modified_gmt":"2025-09-19T14:12:43","slug":"55-jahre-jubilaeum","status":"publish","type":"page","link":"https:\/\/kiga-im-alten-schulhaus.de\/kias2\/home\/55-jahre-jubilaeum\/","title":{"rendered":"Gro\u00dfes Jubil\u00e4umsfest 55 Jahre Kindergarten im alten Schulhaus"},"content":{"rendered":"<p><img loading=\"lazy\" decoding=\"async\" class=\"aligncenter wp-image-2281 size-large\" src=\"https:\/\/kiga-im-alten-schulhaus.de\/kias2\/wp-content\/uploads\/2025\/09\/JFest_Programm-726x1024.png\" alt=\"Programm des Jubil\u00e4umsfest 55 Jahre Kindergarten im alten Schulhaus e.V.\" width=\"726\" height=\"1024\" srcset=\"https:\/\/kiga-im-alten-schulhaus.de\/kias2\/wp-content\/uploads\/2025\/09\/JFest_Programm-726x1024.png 726w, https:\/\/kiga-im-alten-schulhaus.de\/kias2\/wp-content\/uploads\/2025\/09\/JFest_Programm-213x300.png 213w, https:\/\/kiga-im-alten-schulhaus.de\/kias2\/wp-content\/uploads\/2025\/09\/JFest_Programm-768x1083.png 768w, https:\/\/kiga-im-alten-schulhaus.de\/kias2\/wp-content\/uploads\/2025\/09\/JFest_Programm-1090x1536.png 1090w, https:\/\/kiga-im-alten-schulhaus.de\/kias2\/wp-content\/uploads\/2025\/09\/JFest_Programm.png 1240w\" sizes=\"auto, (max-width: 726px) 100vw, 726px\" \/><\/p>\n<p><!-- Eckdaten-Block mit hellgrauem Hintergrund --><\/p>\n<div style=\"background-color: #f5f5f5; padding: 24px; border-radius: 12px; color: #333; font-family: Lato, Arial, sans-serif;\">\n<p style=\"margin: 10px 0; font-size: 18px;\"><strong>\u2b50 Was?<\/strong><\/p>\n<p>Seit 55 Jahren ist unser Kindergarten im alten Schulhaus von Oberf\u00f6hring ein Ort voller Leben, Lachen und Lernen. Wir sind M\u00fcnchens \u00e4lteste Eltern-Kind-Initiative und m\u00f6chten dieses besondere Jubil\u00e4um mit euch allen feiern &#8212; ehemalige Eltern und Kinder, Freunde, Nachbarn, Familien aus dem Quartier. Au\u00dferdem werden wir zum Jubil\u00e4um unseren neuen <a href=\"https:\/\/kiga-im-alten-schulhaus.de\/kias2\/home\/55-jahre-jubilaeum\/#Foerderverein\"><span style=\"font-family: arial black, sans-serif;\">F\u00f6rderverein<\/span><\/a> vorstellen.<\/p>\n<p style=\"margin: 10px 0; font-size: 18px;\"><strong>\ud83d\udcc6 Wann?<\/strong><\/p>\n<p>Freitag, 26. September 2025 \u2013 ab 14:00 Uhr (bis 22:00)<\/p>\n<p style=\"margin: 10px 0; font-size: 18px;\"><strong>\ud83d\udccd Wo?<\/strong><\/p>\n<p>Muspillistra\u00dfe 27, 81925 M\u00fcnchen<\/p>\n<p><iframe loading=\"lazy\" style=\"border: 0;\" role=\"application\" src=\"https:\/\/atlas.bayern.de\/embed.html?c=695047%2C5338602&amp;z=18&amp;r=0&amp;l=atkis%2Cf_ca511ef0-9494-11f0-ae0d-ed7cb200f9fd_5e8955f8-471d-4d18-8391-d12f02e6ef0f&amp;mid=4&amp;ec_map_activation=true&amp;ec_link_to_app=true\" width=\"100%\" height=\"720px\" frameborder=\"0\"><\/iframe><\/p>\n<p style=\"margin: 10px 0; font-size: 18px;\"><strong> <i class=\"fa-solid fa-circle-info\"><\/i> Anmeldung<\/strong><\/p>\n<p><span style=\"font-size: 14pt;\">Ihr d\u00fcrft gerne spontan kommen, aber damit wir besser planen k\u00f6nnen freuen wir uns \u00fcber eure Anmeldung. Der Eintritt ist nat\u00fcrlich frei!<\/span><\/p>\n<p><a style=\"background-color: #41aad4; color: white; padding: 12px 24px; text-decoration: none; font-weight: bold; display: inline-block; border-radius: 8px; margin-top: 10px;\" href=\"#anmeldung\">Jetzt anmelden<\/a><\/p>\n<\/div>\n<div style=\"margin-top: 40px; text-align: center;\">\n<h1 style=\"font-size: 22px; font-family: Lato, Arial, sans-serif; color: #333;\"><strong><span style=\"font-size: 18pt;\"><a id=\"Foerderverein\"><\/a>F\u00f6rderverein<\/span><\/strong><\/h1>\n<p style=\"text-align: left;\"><span style=\"font-family: arial, helvetica, sans-serif; font-size: 14pt;\">Das alte Schulhaus wurde 1821 gebaut und steht, wie der gesamte Dorfkern, unter Denkmalschutz. Nachdem die Schule 1959 geschlo\u00dfen wurde, beherbergt das Schulhaus seit 1972 einen Jugendtreff und unseren Kindergarten*. Es l\u00e4sst sich daher mit Fug und Recht sagen, dass hier seit \u00fcber 200 Jahren Kinder f\u00fcr die Zukunft lernen. <strong>Dennoch gibt es seit Jahren Bestrebungen die benachbarte Freiwillige Feuerwehr zu erweitern und unseren Kindergarten und den Jugendtreff in einen Neubau im B\u00fcrgerpark Oberf\u00f6hring zu verlegen<\/strong>. Dieses Thema besch\u00e4ftigt nun schon mehrere Eltern-Generationen. Um unsere Anstrengungen zu b\u00fcndeln, ein Netzwerk von Unterst\u00fctzerinnen und Unterst\u00fctzern zu bilden und das notwendige Know-How und ja, auch das notwendige Kleingeld, zu sichern haben wir einen eigenen F\u00f6rderverein gegr\u00fcndet. <strong>Der F\u00f6rderverein soll sich vordringlich daf\u00fcr einsetzen, den Standort altes Schulhaus f\u00fcr Kindergarten und Jugendtreff langfristig zu erhalten.<\/strong> Wir haben im letzten Jahr eine eigene Machbarkeitsstudie mit Alternativen zur Erweiterung der Feuerwache in der Muspillistra\u00dfe erarbeitet und k\u00fcrzlich im Bezirksausschuss vorgestellt. Es ist immer wieder wichtig zu betonen, dass wir \u00fcberhaupt nichts gegen die benachbarte Feuerwache an sich oder deren etwaige Modernisierung einwenden. Lediglich eine Erweiterung, die den Kindergarten und Jugendtreff aus dem Schulhaus verdr\u00e4ngen w\u00fcrde, m\u00f6chten wir verhindern. Dabei sind wir \u00fcberzeugt: Eine L\u00f6sung, die sowohl den Interessen von Kindergarten und Jugendtreff, als auch denen der Freiwilligen Feuerwehr gerecht wird, ist m\u00f6glich! Kommt zu unserem Infostand, wenn ihr mehr \u00fcber den F\u00f6rderverein und unsere geplanten Aktivit\u00e4ten erfahren m\u00f6chtet. Ihr k\u00f6nnt in dem Anmeldeformular unten auch ein H\u00e4kchen setzen und eure Email-Adresse hinterlassen und wir nehmen euch dann unverbindlich in einen Info-Verteiler auf.<\/span><\/p>\n<p style=\"text-align: left;\"><span style=\"font-family: arial, helvetica, sans-serif; font-size: 12pt;\">*Der Kindergarten-Verein wurde schon im Dezember 1970 gegr\u00fcndet &#8212; wir feiern also tats\u00e4chlich 55-j\u00e4hriges Jubil\u00e4um :))<\/span><\/p>\n<p><!-- Anker f\u00fcr den Button --><br \/>\n<a id=\"anmeldung\"><\/a><\/p>\n<p><!-- Formular \u00fcber gesamte Seitenbreite --><\/p>\n<div style=\"border: 2px solid #41aad4; padding: 20px; background-color: #f9f9f9; margin: 30px auto;\">\n<p><iframe loading=\"lazy\" style=\"border: none;\" src=\"https:\/\/docs.google.com\/forms\/d\/e\/1FAIpQLSeYlik5kvUJs-wNchKdQwCZGt1zAAA7S9Z8aEX-4Oj6VfNQeA\/viewform?embedded=true\" width=\"100%\" height=\"1639\"><br \/>\n<\/iframe><\/p>\n<\/div>\n<\/div>\n","protected":false},"excerpt":{"rendered":"<p>\u2b50 Was? Seit 55 Jahren ist unser Kindergarten im alten Schulhaus von Oberf\u00f6hring ein Ort voller Leben, Lachen und Lernen. Wir sind M\u00fcnchens \u00e4lteste Eltern-Kind-Initiative und m\u00f6chten dieses besondere Jubil\u00e4um mit euch allen feiern &#8212; ehemalige Eltern und Kinder, Freunde, &hellip; <\/p>\n","protected":false},"author":11,"featured_media":0,"parent":13,"menu_order":2,"comment_status":"closed","ping_status":"closed","template":"","meta":{"footnotes":""},"class_list":["post-2218","page","type-page","status-publish","hentry"],"yoast_head":"<!-- This site is optimized with the Yoast SEO plugin v27.4 - https:\/\/yoast.com\/product\/yoast-seo-wordpress\/ -->\n<title>Kindergarten im alten Schulhaus e.V. &#8211; Gro\u00dfes Jubil\u00e4umsfest 55 Jahre Kindergarten im alten Schulhaus<\/title>\n<meta name=\"description\" content=\"55 Jahre Kindergarten im Alten Schulhaus: Jubil\u00e4umsfest am 26.09.2025 in M\u00fcnchen. Feiern Sie mit uns &amp; unterst\u00fctzen Sie unseren neuen F\u00f6rderverein!\" \/>\n<meta name=\"robots\" content=\"index, follow, max-snippet:-1, max-image-preview:large, max-video-preview:-1\" \/>\n<link rel=\"canonical\" href=\"https:\/\/kiga-im-alten-schulhaus.de\/kias2\/home\/55-jahre-jubilaeum\/\" \/>\n<meta property=\"og:locale\" content=\"de_DE\" \/>\n<meta property=\"og:type\" content=\"article\" \/>\n<meta property=\"og:title\" content=\"Kindergarten im alten Schulhaus e.V. &#8211; Gro\u00dfes Jubil\u00e4umsfest 55 Jahre Kindergarten im alten Schulhaus\" \/>\n<meta property=\"og:description\" content=\"55 Jahre Kindergarten im Alten Schulhaus: Jubil\u00e4umsfest am 26.09.2025 in M\u00fcnchen. Feiern Sie mit uns &amp; unterst\u00fctzen Sie unseren neuen F\u00f6rderverein!\" \/>\n<meta property=\"og:url\" content=\"https:\/\/kiga-im-alten-schulhaus.de\/kias2\/home\/55-jahre-jubilaeum\/\" \/>\n<meta property=\"og:site_name\" content=\"Kindergarten im alten Schulhaus e.V.\" \/>\n<meta property=\"article:modified_time\" content=\"2025-09-19T14:12:43+00:00\" \/>\n<meta property=\"og:image\" content=\"https:\/\/kiga-im-alten-schulhaus.de\/kias2\/wp-content\/uploads\/2025\/09\/JFest_Programm.png\" \/>\n\t<meta property=\"og:image:width\" content=\"1240\" \/>\n\t<meta property=\"og:image:height\" content=\"1748\" \/>\n\t<meta property=\"og:image:type\" content=\"image\/png\" \/>\n<meta name=\"twitter:card\" content=\"summary_large_image\" \/>\n<meta name=\"twitter:label1\" content=\"Gesch\u00e4tzte Lesezeit\" \/>\n\t<meta name=\"twitter:data1\" content=\"3\u00a0Minuten\" \/>\n<script type=\"application\/ld+json\" class=\"yoast-schema-graph\">{\"@context\":\"https:\\\/\\\/schema.org\",\"@graph\":[{\"@type\":\"WebPage\",\"@id\":\"https:\\\/\\\/kiga-im-alten-schulhaus.de\\\/kias2\\\/home\\\/55-jahre-jubilaeum\\\/\",\"url\":\"https:\\\/\\\/kiga-im-alten-schulhaus.de\\\/kias2\\\/home\\\/55-jahre-jubilaeum\\\/\",\"name\":\"Kindergarten im alten Schulhaus e.V. &#8211; Gro\u00dfes Jubil\u00e4umsfest 55 Jahre Kindergarten im alten Schulhaus\",\"isPartOf\":{\"@id\":\"https:\\\/\\\/kiga-im-alten-schulhaus.de\\\/kias2\\\/#website\"},\"primaryImageOfPage\":{\"@id\":\"https:\\\/\\\/kiga-im-alten-schulhaus.de\\\/kias2\\\/home\\\/55-jahre-jubilaeum\\\/#primaryimage\"},\"image\":{\"@id\":\"https:\\\/\\\/kiga-im-alten-schulhaus.de\\\/kias2\\\/home\\\/55-jahre-jubilaeum\\\/#primaryimage\"},\"thumbnailUrl\":\"https:\\\/\\\/kiga-im-alten-schulhaus.de\\\/kias2\\\/wp-content\\\/uploads\\\/2025\\\/09\\\/JFest_Programm-726x1024.png\",\"datePublished\":\"2025-07-24T19:55:42+00:00\",\"dateModified\":\"2025-09-19T14:12:43+00:00\",\"description\":\"55 Jahre Kindergarten im Alten Schulhaus: Jubil\u00e4umsfest am 26.09.2025 in M\u00fcnchen. Feiern Sie mit uns & unterst\u00fctzen Sie unseren neuen F\u00f6rderverein!\",\"breadcrumb\":{\"@id\":\"https:\\\/\\\/kiga-im-alten-schulhaus.de\\\/kias2\\\/home\\\/55-jahre-jubilaeum\\\/#breadcrumb\"},\"inLanguage\":\"de\",\"potentialAction\":[{\"@type\":\"ReadAction\",\"target\":[\"https:\\\/\\\/kiga-im-alten-schulhaus.de\\\/kias2\\\/home\\\/55-jahre-jubilaeum\\\/\"]}]},{\"@type\":\"ImageObject\",\"inLanguage\":\"de\",\"@id\":\"https:\\\/\\\/kiga-im-alten-schulhaus.de\\\/kias2\\\/home\\\/55-jahre-jubilaeum\\\/#primaryimage\",\"url\":\"https:\\\/\\\/kiga-im-alten-schulhaus.de\\\/kias2\\\/wp-content\\\/uploads\\\/2025\\\/09\\\/JFest_Programm.png\",\"contentUrl\":\"https:\\\/\\\/kiga-im-alten-schulhaus.de\\\/kias2\\\/wp-content\\\/uploads\\\/2025\\\/09\\\/JFest_Programm.png\",\"width\":1240,\"height\":1748,\"caption\":\"Programm des Jubil\u00e4umsfest 55 Jahre Kindergarten im alten Schulhaus e.V.\"},{\"@type\":\"BreadcrumbList\",\"@id\":\"https:\\\/\\\/kiga-im-alten-schulhaus.de\\\/kias2\\\/home\\\/55-jahre-jubilaeum\\\/#breadcrumb\",\"itemListElement\":[{\"@type\":\"ListItem\",\"position\":1,\"name\":\"Home\",\"item\":\"https:\\\/\\\/kiga-im-alten-schulhaus.de\\\/kias2\\\/\"},{\"@type\":\"ListItem\",\"position\":2,\"name\":\"Home\",\"item\":\"https:\\\/\\\/kiga-im-alten-schulhaus.de\\\/kias2\\\/\"},{\"@type\":\"ListItem\",\"position\":3,\"name\":\"Gro\u00dfes Jubil\u00e4umsfest 55 Jahre Kindergarten im alten Schulhaus\"}]},{\"@type\":\"WebSite\",\"@id\":\"https:\\\/\\\/kiga-im-alten-schulhaus.de\\\/kias2\\\/#website\",\"url\":\"https:\\\/\\\/kiga-im-alten-schulhaus.de\\\/kias2\\\/\",\"name\":\"Kindergarten im alten Schulhaus e.V.\",\"description\":\"\",\"publisher\":{\"@id\":\"https:\\\/\\\/kiga-im-alten-schulhaus.de\\\/kias2\\\/#organization\"},\"potentialAction\":[{\"@type\":\"SearchAction\",\"target\":{\"@type\":\"EntryPoint\",\"urlTemplate\":\"https:\\\/\\\/kiga-im-alten-schulhaus.de\\\/kias2\\\/?s={search_term_string}\"},\"query-input\":{\"@type\":\"PropertyValueSpecification\",\"valueRequired\":true,\"valueName\":\"search_term_string\"}}],\"inLanguage\":\"de\"},{\"@type\":\"Organization\",\"@id\":\"https:\\\/\\\/kiga-im-alten-schulhaus.de\\\/kias2\\\/#organization\",\"name\":\"Kindergarten im Alten Schulhaus e.V.\",\"url\":\"https:\\\/\\\/kiga-im-alten-schulhaus.de\\\/kias2\\\/\",\"logo\":{\"@type\":\"ImageObject\",\"inLanguage\":\"de\",\"@id\":\"https:\\\/\\\/kiga-im-alten-schulhaus.de\\\/kias2\\\/#\\\/schema\\\/logo\\\/image\\\/\",\"url\":\"http:\\\/\\\/kiga-im-alten-schulhaus.de\\\/kias2\\\/wp-content\\\/uploads\\\/2017\\\/03\\\/cropped-haus-1.jpg\",\"contentUrl\":\"http:\\\/\\\/kiga-im-alten-schulhaus.de\\\/kias2\\\/wp-content\\\/uploads\\\/2017\\\/03\\\/cropped-haus-1.jpg\",\"width\":512,\"height\":512,\"caption\":\"Kindergarten im Alten Schulhaus e.V.\"},\"image\":{\"@id\":\"https:\\\/\\\/kiga-im-alten-schulhaus.de\\\/kias2\\\/#\\\/schema\\\/logo\\\/image\\\/\"}}]}<\/script>\n<!-- \/ Yoast SEO plugin. -->","yoast_head_json":{"title":"Kindergarten im alten Schulhaus e.V. &#8211; Gro\u00dfes Jubil\u00e4umsfest 55 Jahre Kindergarten im alten Schulhaus","description":"55 Jahre Kindergarten im Alten Schulhaus: Jubil\u00e4umsfest am 26.09.2025 in M\u00fcnchen. Feiern Sie mit uns & unterst\u00fctzen Sie unseren neuen F\u00f6rderverein!","robots":{"index":"index","follow":"follow","max-snippet":"max-snippet:-1","max-image-preview":"max-image-preview:large","max-video-preview":"max-video-preview:-1"},"canonical":"https:\/\/kiga-im-alten-schulhaus.de\/kias2\/home\/55-jahre-jubilaeum\/","og_locale":"de_DE","og_type":"article","og_title":"Kindergarten im alten Schulhaus e.V. &#8211; Gro\u00dfes Jubil\u00e4umsfest 55 Jahre Kindergarten im alten Schulhaus","og_description":"55 Jahre Kindergarten im Alten Schulhaus: Jubil\u00e4umsfest am 26.09.2025 in M\u00fcnchen. Feiern Sie mit uns & unterst\u00fctzen Sie unseren neuen F\u00f6rderverein!","og_url":"https:\/\/kiga-im-alten-schulhaus.de\/kias2\/home\/55-jahre-jubilaeum\/","og_site_name":"Kindergarten im alten Schulhaus e.V.","article_modified_time":"2025-09-19T14:12:43+00:00","og_image":[{"width":1240,"height":1748,"url":"https:\/\/kiga-im-alten-schulhaus.de\/kias2\/wp-content\/uploads\/2025\/09\/JFest_Programm.png","type":"image\/png"}],"twitter_card":"summary_large_image","twitter_misc":{"Gesch\u00e4tzte Lesezeit":"3\u00a0Minuten"},"schema":{"@context":"https:\/\/schema.org","@graph":[{"@type":"WebPage","@id":"https:\/\/kiga-im-alten-schulhaus.de\/kias2\/home\/55-jahre-jubilaeum\/","url":"https:\/\/kiga-im-alten-schulhaus.de\/kias2\/home\/55-jahre-jubilaeum\/","name":"Kindergarten im alten Schulhaus e.V. &#8211; Gro\u00dfes Jubil\u00e4umsfest 55 Jahre Kindergarten im alten Schulhaus","isPartOf":{"@id":"https:\/\/kiga-im-alten-schulhaus.de\/kias2\/#website"},"primaryImageOfPage":{"@id":"https:\/\/kiga-im-alten-schulhaus.de\/kias2\/home\/55-jahre-jubilaeum\/#primaryimage"},"image":{"@id":"https:\/\/kiga-im-alten-schulhaus.de\/kias2\/home\/55-jahre-jubilaeum\/#primaryimage"},"thumbnailUrl":"https:\/\/kiga-im-alten-schulhaus.de\/kias2\/wp-content\/uploads\/2025\/09\/JFest_Programm-726x1024.png","datePublished":"2025-07-24T19:55:42+00:00","dateModified":"2025-09-19T14:12:43+00:00","description":"55 Jahre Kindergarten im Alten Schulhaus: Jubil\u00e4umsfest am 26.09.2025 in M\u00fcnchen. Feiern Sie mit uns & unterst\u00fctzen Sie unseren neuen F\u00f6rderverein!","breadcrumb":{"@id":"https:\/\/kiga-im-alten-schulhaus.de\/kias2\/home\/55-jahre-jubilaeum\/#breadcrumb"},"inLanguage":"de","potentialAction":[{"@type":"ReadAction","target":["https:\/\/kiga-im-alten-schulhaus.de\/kias2\/home\/55-jahre-jubilaeum\/"]}]},{"@type":"ImageObject","inLanguage":"de","@id":"https:\/\/kiga-im-alten-schulhaus.de\/kias2\/home\/55-jahre-jubilaeum\/#primaryimage","url":"https:\/\/kiga-im-alten-schulhaus.de\/kias2\/wp-content\/uploads\/2025\/09\/JFest_Programm.png","contentUrl":"https:\/\/kiga-im-alten-schulhaus.de\/kias2\/wp-content\/uploads\/2025\/09\/JFest_Programm.png","width":1240,"height":1748,"caption":"Programm des Jubil\u00e4umsfest 55 Jahre Kindergarten im alten Schulhaus e.V."},{"@type":"BreadcrumbList","@id":"https:\/\/kiga-im-alten-schulhaus.de\/kias2\/home\/55-jahre-jubilaeum\/#breadcrumb","itemListElement":[{"@type":"ListItem","position":1,"name":"Home","item":"https:\/\/kiga-im-alten-schulhaus.de\/kias2\/"},{"@type":"ListItem","position":2,"name":"Home","item":"https:\/\/kiga-im-alten-schulhaus.de\/kias2\/"},{"@type":"ListItem","position":3,"name":"Gro\u00dfes Jubil\u00e4umsfest 55 Jahre Kindergarten im alten Schulhaus"}]},{"@type":"WebSite","@id":"https:\/\/kiga-im-alten-schulhaus.de\/kias2\/#website","url":"https:\/\/kiga-im-alten-schulhaus.de\/kias2\/","name":"Kindergarten im alten Schulhaus e.V.","description":"","publisher":{"@id":"https:\/\/kiga-im-alten-schulhaus.de\/kias2\/#organization"},"potentialAction":[{"@type":"SearchAction","target":{"@type":"EntryPoint","urlTemplate":"https:\/\/kiga-im-alten-schulhaus.de\/kias2\/?s={search_term_string}"},"query-input":{"@type":"PropertyValueSpecification","valueRequired":true,"valueName":"search_term_string"}}],"inLanguage":"de"},{"@type":"Organization","@id":"https:\/\/kiga-im-alten-schulhaus.de\/kias2\/#organization","name":"Kindergarten im Alten Schulhaus e.V.","url":"https:\/\/kiga-im-alten-schulhaus.de\/kias2\/","logo":{"@type":"ImageObject","inLanguage":"de","@id":"https:\/\/kiga-im-alten-schulhaus.de\/kias2\/#\/schema\/logo\/image\/","url":"http:\/\/kiga-im-alten-schulhaus.de\/kias2\/wp-content\/uploads\/2017\/03\/cropped-haus-1.jpg","contentUrl":"http:\/\/kiga-im-alten-schulhaus.de\/kias2\/wp-content\/uploads\/2017\/03\/cropped-haus-1.jpg","width":512,"height":512,"caption":"Kindergarten im Alten Schulhaus e.V."},"image":{"@id":"https:\/\/kiga-im-alten-schulhaus.de\/kias2\/#\/schema\/logo\/image\/"}}]}},"_links":{"self":[{"href":"https:\/\/kiga-im-alten-schulhaus.de\/kias2\/wp-json\/wp\/v2\/pages\/2218","targetHints":{"allow":["GET"]}}],"collection":[{"href":"https:\/\/kiga-im-alten-schulhaus.de\/kias2\/wp-json\/wp\/v2\/pages"}],"about":[{"href":"https:\/\/kiga-im-alten-schulhaus.de\/kias2\/wp-json\/wp\/v2\/types\/page"}],"author":[{"embeddable":true,"href":"https:\/\/kiga-im-alten-schulhaus.de\/kias2\/wp-json\/wp\/v2\/users\/11"}],"replies":[{"embeddable":true,"href":"https:\/\/kiga-im-alten-schulhaus.de\/kias2\/wp-json\/wp\/v2\/comments?post=2218"}],"version-history":[{"count":11,"href":"https:\/\/kiga-im-alten-schulhaus.de\/kias2\/wp-json\/wp\/v2\/pages\/2218\/revisions"}],"predecessor-version":[{"id":2291,"href":"https:\/\/kiga-im-alten-schulhaus.de\/kias2\/wp-json\/wp\/v2\/pages\/2218\/revisions\/2291"}],"up":[{"embeddable":true,"href":"https:\/\/kiga-im-alten-schulhaus.de\/kias2\/wp-json\/wp\/v2\/pages\/13"}],"wp:attachment":[{"href":"https:\/\/kiga-im-alten-schulhaus.de\/kias2\/wp-json\/wp\/v2\/media?parent=2218"}],"curies":[{"name":"wp","href":"https:\/\/api.w.org\/{rel}","templated":true}]}}