{"id":95,"date":"2017-03-06T19:15:02","date_gmt":"2017-03-06T19:15:02","guid":{"rendered":"http:\/\/kiga-im-alten-schulhaus.de\/kias2\/?page_id=95"},"modified":"2023-09-11T07:56:30","modified_gmt":"2023-09-11T06:56:30","slug":"padagogische-eckpfeiler","status":"publish","type":"page","link":"https:\/\/kiga-im-alten-schulhaus.de\/kias2\/konzept\/padagogische-eckpfeiler\/","title":{"rendered":"P\u00e4dagogische Eckpfeiler"},"content":{"rendered":"<p><span style=\"font-size: 18pt; color: #ff6600;\"><strong>Situationsorientierter Ansatz<\/strong><\/span><\/p>\n<p>Die Bildungs- und Hirnforschung geht davon aus, dass die Freude am Lernen zu einer intrinsischen Lernmotivation f\u00fchrt, bei der die Kinder sich selbst bilden und ihr Leben entwickeln m\u00f6chten. <strong>Beim situationsorientierten Ansatz stehen deshalb die individuellen Erlebnisse und Erfahrungen der Kinder im Mittelpunkt.<\/strong> Die P\u00e4dagog*innen setzen im Freispiel oder in Projekten Impulse, die jedes Kind nutzen kann, aber nicht muss.<\/p>\n<p><span style=\"color: #ff6600; font-size: 18pt;\"><strong>Offene Arbeit<\/strong><\/span><\/p>\n<p><img loading=\"lazy\" decoding=\"async\" class=\"size-medium wp-image-1643 alignright\" src=\"https:\/\/kiga-im-alten-schulhaus.de\/kias2\/wp-content\/uploads\/2022\/09\/KINDERGARTEN_web_ulineumanncosel_54-300x200.jpg\" alt=\"\" width=\"300\" height=\"200\" srcset=\"https:\/\/kiga-im-alten-schulhaus.de\/kias2\/wp-content\/uploads\/2022\/09\/KINDERGARTEN_web_ulineumanncosel_54-300x200.jpg 300w, https:\/\/kiga-im-alten-schulhaus.de\/kias2\/wp-content\/uploads\/2022\/09\/KINDERGARTEN_web_ulineumanncosel_54-1024x683.jpg 1024w, https:\/\/kiga-im-alten-schulhaus.de\/kias2\/wp-content\/uploads\/2022\/09\/KINDERGARTEN_web_ulineumanncosel_54-768x512.jpg 768w, https:\/\/kiga-im-alten-schulhaus.de\/kias2\/wp-content\/uploads\/2022\/09\/KINDERGARTEN_web_ulineumanncosel_54-1536x1024.jpg 1536w, https:\/\/kiga-im-alten-schulhaus.de\/kias2\/wp-content\/uploads\/2022\/09\/KINDERGARTEN_web_ulineumanncosel_54.jpg 2048w\" sizes=\"auto, (max-width: 300px) 100vw, 300px\" \/>Die offene Arbeit stellt das Kind in seiner Gesamtheit in den Mittelpunkt. Das Kind entscheidet selbst, welchen Interessen es nachkommen und mit wem es seine Zeit dabei verbringen m\u00f6chte. Aus diesem Grund gibt es keine getrennten Gruppen, die jeweils alle Entwicklungs- und Lernbereiche vereinen, sondern eine Gruppe, die sich in den unterschiedlichen Bereichen ausprobieren und dabei mit unterschiedlichen Kindern und P\u00e4dagog*innen in Kontakt kommen kann. <strong>Kindern wird damit das gr\u00f6\u00dfte Geschenk unserer Zeit gemacht: Sie haben Zeit f\u00fcr sich selbst.<\/strong><\/p>\n<p><span style=\"font-size: 18pt; color: #ff6600;\"><strong>Freispiel<\/strong><\/span><\/p>\n<p>Das Freispiel ist eine Methode des Lernens, die den Kindern erm\u00f6glicht, sich mit ihrer Lebenswelt spielerisch und intrinsisch motiviert auseinanderzusetzen. Die Hirnforschung hat festgestellt, dass Freude dazu f\u00fchrt, dass ein Kind lernen und sein Leben entwickeln m\u00f6chte. Zudem entstehen durch die angewandte Phantasie im Freispiel Vernetzungen im Gehirn, die das weitere Lernen beg\u00fcnstigen. Das Spielen wirkt sich positiv auf die Sprach-, Rechen-, Probleml\u00f6sungsf\u00e4higkeiten und sozialen F\u00e4higkeiten aus. Es verringert Stress und f\u00f6rdert Kreativit\u00e4t und Phantasie. Im selbstbestimmten und eigenst\u00e4ndigen Spiel erweitert das Kind demzufolge Kompetenzen, die ihm helfen, Probleme zu l\u00f6sen und Ungewissheiten zu bew\u00e4ltigen. <strong>Das freie Spiel erm\u00f6glicht Kindern, Selbstwahrnehmung und Kompetenzen in der sozialen Umwelt zu \u201etesten\u201c und sich auf die n\u00e4chste Entwicklungsstufe zu begeben.\u00a0<\/strong><\/p>\n<p><span style=\"color: #ff6600; font-size: 18pt;\"><strong>Partizipation<\/strong><\/span><\/p>\n<p><img loading=\"lazy\" decoding=\"async\" class=\"size-medium wp-image-1788 alignleft\" src=\"https:\/\/kiga-im-alten-schulhaus.de\/kias2\/wp-content\/uploads\/2022\/09\/cropped-KINDERGARTEN_web_ulineumanncosel_65-300x200.jpg\" alt=\"\" width=\"300\" height=\"200\" srcset=\"https:\/\/kiga-im-alten-schulhaus.de\/kias2\/wp-content\/uploads\/2022\/09\/cropped-KINDERGARTEN_web_ulineumanncosel_65-300x200.jpg 300w, https:\/\/kiga-im-alten-schulhaus.de\/kias2\/wp-content\/uploads\/2022\/09\/cropped-KINDERGARTEN_web_ulineumanncosel_65-1024x682.jpg 1024w, https:\/\/kiga-im-alten-schulhaus.de\/kias2\/wp-content\/uploads\/2022\/09\/cropped-KINDERGARTEN_web_ulineumanncosel_65-768x512.jpg 768w, https:\/\/kiga-im-alten-schulhaus.de\/kias2\/wp-content\/uploads\/2022\/09\/cropped-KINDERGARTEN_web_ulineumanncosel_65-1536x1024.jpg 1536w, https:\/\/kiga-im-alten-schulhaus.de\/kias2\/wp-content\/uploads\/2022\/09\/cropped-KINDERGARTEN_web_ulineumanncosel_65.jpg 2000w\" sizes=\"auto, (max-width: 300px) 100vw, 300px\" \/>Kinder sind von Geburt an Rechtstr\u00e4ger. Dazu geh\u00f6rt auch das Recht auf Selbstbestimmung. Haben Kinder die Gelegenheit zu partizipieren, lernen sie gleichzeitig ihre eigene Meinung zu \u00e4u\u00dfern, sich auszutauschen, zu diskutieren. Sie lernen Kompromisse auszuhandeln und mit Entscheidungen der Gruppe zurecht zu kommen. <strong>Kinder zeigen ein gr\u00f6\u00dferes Wohlbefinden, wenn sie \u00fcber die Gestaltung ihres Alltags mitbestimmen.<\/strong> Die Kinder lernen Verantwortung zu \u00fcbernehmen, identifizieren sich mit der Gruppe und dem Kindergarten und tragen die gemeinsam ausgehandelten Regeln. Es entsteht eine Atmosph\u00e4re der Wertsch\u00e4tzung und der gegenseitigen Anerkennung.<\/p>\n<p>&nbsp;<\/p>\n<p><span style=\"color: #ff6600; font-size: 18pt;\"><strong>Achtsamkeit und Bed\u00fcrfnisorientierung<\/strong><\/span><\/p>\n<p>In der achtsamen und bed\u00fcrfnisorientierten Kinderbetreuung stehen die Bed\u00fcrfnisse aller Beteiligten im Zentrum der Aufmerksamkeit. <strong>Das hei\u00dft, jeder einzelne Mensch steht mit seiner Individualit\u00e4t, seinen Bed\u00fcrfnissen, seinen Gef\u00fchlen und seinen individuellen Grenzen im Mittelpunkt. <\/strong>W\u00fcnsche, Bed\u00fcrfnisse und Gef\u00fchle bewerten wir nicht als gut oder schlecht, sondern versuchen sie anzunehmen, auszuhalten und die Bed\u00fcrfnisse dahinter zu benennen und L\u00f6sungen zu finden.<\/p>\n<p>Unser komplettes p\u00e4dagogisches Konzept k\u00f6nnen Sie <span style=\"color: #ff6600;\"><strong><a style=\"color: #ff6600;\" href=\"https:\/\/kiga-im-alten-schulhaus.de\/kias2\/wp-content\/uploads\/2023\/04\/Konzeption_Kindergarten_im_alten_Schulhaus_April_2023.pdf\">hier<\/a><\/strong><\/span> herunterladen.<\/p>\n<p>Unser Kinderschutzkonzept finden Sie <span style=\"color: #ff6600;\"><a style=\"color: #ff6600;\" href=\"https:\/\/kiga-im-alten-schulhaus.de\/kias2\/wp-content\/uploads\/2023\/09\/Kinderschutzkonzept-vom-Kindergarten-im-alten-Schulhaus-1.pdf\"><strong>hier<\/strong><\/a>.<\/span><\/p>\n<p>&nbsp;<\/p>\n<p>&nbsp;<\/p>\n","protected":false},"excerpt":{"rendered":"<p>Situationsorientierter Ansatz Die Bildungs- und Hirnforschung geht davon aus, dass die Freude am Lernen zu einer intrinsischen Lernmotivation f\u00fchrt, bei der die Kinder sich selbst bilden und ihr Leben entwickeln m\u00f6chten. Beim situationsorientierten Ansatz stehen deshalb die individuellen Erlebnisse und &hellip; <\/p>\n","protected":false},"author":11,"featured_media":0,"parent":40,"menu_order":0,"comment_status":"closed","ping_status":"closed","template":"","meta":{"footnotes":""},"class_list":["post-95","page","type-page","status-publish","hentry"],"yoast_head":"<!-- This site is optimized with the Yoast SEO plugin v27.5 - https:\/\/yoast.com\/product\/yoast-seo-wordpress\/ -->\n<title>Kindergarten im alten Schulhaus e.V. &#8211; P\u00e4dagogische Eckpfeiler<\/title>\n<meta name=\"robots\" content=\"index, follow, max-snippet:-1, max-image-preview:large, max-video-preview:-1\" \/>\n<link rel=\"canonical\" href=\"https:\/\/kiga-im-alten-schulhaus.de\/kias2\/konzept\/padagogische-eckpfeiler\/\" \/>\n<meta property=\"og:locale\" content=\"de_DE\" \/>\n<meta property=\"og:type\" content=\"article\" \/>\n<meta property=\"og:title\" content=\"Kindergarten im alten Schulhaus e.V. &#8211; P\u00e4dagogische Eckpfeiler\" \/>\n<meta property=\"og:description\" content=\"Situationsorientierter Ansatz Die Bildungs- und Hirnforschung geht davon aus, dass die Freude am Lernen zu einer intrinsischen Lernmotivation f\u00fchrt, bei der die Kinder sich selbst bilden und ihr Leben entwickeln m\u00f6chten. Beim situationsorientierten Ansatz stehen deshalb die individuellen Erlebnisse und &hellip;\" \/>\n<meta property=\"og:url\" content=\"https:\/\/kiga-im-alten-schulhaus.de\/kias2\/konzept\/padagogische-eckpfeiler\/\" \/>\n<meta property=\"og:site_name\" content=\"Kindergarten im alten Schulhaus e.V.\" \/>\n<meta property=\"article:modified_time\" content=\"2023-09-11T06:56:30+00:00\" \/>\n<meta property=\"og:image\" content=\"http:\/\/kiga-im-alten-schulhaus.de\/kias2\/wp-content\/uploads\/2022\/09\/KINDERGARTEN_web_ulineumanncosel_54-300x200.jpg\" \/>\n<meta name=\"twitter:card\" content=\"summary_large_image\" \/>\n<meta name=\"twitter:label1\" content=\"Gesch\u00e4tzte Lesezeit\" \/>\n\t<meta name=\"twitter:data1\" content=\"3\u00a0Minuten\" \/>\n<script type=\"application\/ld+json\" class=\"yoast-schema-graph\">{\"@context\":\"https:\\\/\\\/schema.org\",\"@graph\":[{\"@type\":\"WebPage\",\"@id\":\"https:\\\/\\\/kiga-im-alten-schulhaus.de\\\/kias2\\\/konzept\\\/padagogische-eckpfeiler\\\/\",\"url\":\"https:\\\/\\\/kiga-im-alten-schulhaus.de\\\/kias2\\\/konzept\\\/padagogische-eckpfeiler\\\/\",\"name\":\"Kindergarten im alten Schulhaus e.V. &#8211; P\u00e4dagogische Eckpfeiler\",\"isPartOf\":{\"@id\":\"https:\\\/\\\/kiga-im-alten-schulhaus.de\\\/kias2\\\/#website\"},\"primaryImageOfPage\":{\"@id\":\"https:\\\/\\\/kiga-im-alten-schulhaus.de\\\/kias2\\\/konzept\\\/padagogische-eckpfeiler\\\/#primaryimage\"},\"image\":{\"@id\":\"https:\\\/\\\/kiga-im-alten-schulhaus.de\\\/kias2\\\/konzept\\\/padagogische-eckpfeiler\\\/#primaryimage\"},\"thumbnailUrl\":\"http:\\\/\\\/kiga-im-alten-schulhaus.de\\\/kias2\\\/wp-content\\\/uploads\\\/2022\\\/09\\\/KINDERGARTEN_web_ulineumanncosel_54-300x200.jpg\",\"datePublished\":\"2017-03-06T19:15:02+00:00\",\"dateModified\":\"2023-09-11T06:56:30+00:00\",\"breadcrumb\":{\"@id\":\"https:\\\/\\\/kiga-im-alten-schulhaus.de\\\/kias2\\\/konzept\\\/padagogische-eckpfeiler\\\/#breadcrumb\"},\"inLanguage\":\"de\",\"potentialAction\":[{\"@type\":\"ReadAction\",\"target\":[\"https:\\\/\\\/kiga-im-alten-schulhaus.de\\\/kias2\\\/konzept\\\/padagogische-eckpfeiler\\\/\"]}]},{\"@type\":\"ImageObject\",\"inLanguage\":\"de\",\"@id\":\"https:\\\/\\\/kiga-im-alten-schulhaus.de\\\/kias2\\\/konzept\\\/padagogische-eckpfeiler\\\/#primaryimage\",\"url\":\"https:\\\/\\\/kiga-im-alten-schulhaus.de\\\/kias2\\\/wp-content\\\/uploads\\\/2022\\\/09\\\/KINDERGARTEN_web_ulineumanncosel_54.jpg\",\"contentUrl\":\"https:\\\/\\\/kiga-im-alten-schulhaus.de\\\/kias2\\\/wp-content\\\/uploads\\\/2022\\\/09\\\/KINDERGARTEN_web_ulineumanncosel_54.jpg\",\"width\":2048,\"height\":1365},{\"@type\":\"BreadcrumbList\",\"@id\":\"https:\\\/\\\/kiga-im-alten-schulhaus.de\\\/kias2\\\/konzept\\\/padagogische-eckpfeiler\\\/#breadcrumb\",\"itemListElement\":[{\"@type\":\"ListItem\",\"position\":1,\"name\":\"Home\",\"item\":\"https:\\\/\\\/kiga-im-alten-schulhaus.de\\\/kias2\\\/\"},{\"@type\":\"ListItem\",\"position\":2,\"name\":\"Konzept\",\"item\":\"https:\\\/\\\/kiga-im-alten-schulhaus.de\\\/kias2\\\/konzept\\\/\"},{\"@type\":\"ListItem\",\"position\":3,\"name\":\"P\u00e4dagogische Eckpfeiler\"}]},{\"@type\":\"WebSite\",\"@id\":\"https:\\\/\\\/kiga-im-alten-schulhaus.de\\\/kias2\\\/#website\",\"url\":\"https:\\\/\\\/kiga-im-alten-schulhaus.de\\\/kias2\\\/\",\"name\":\"Kindergarten im alten Schulhaus e.V.\",\"description\":\"\",\"publisher\":{\"@id\":\"https:\\\/\\\/kiga-im-alten-schulhaus.de\\\/kias2\\\/#organization\"},\"potentialAction\":[{\"@type\":\"SearchAction\",\"target\":{\"@type\":\"EntryPoint\",\"urlTemplate\":\"https:\\\/\\\/kiga-im-alten-schulhaus.de\\\/kias2\\\/?s={search_term_string}\"},\"query-input\":{\"@type\":\"PropertyValueSpecification\",\"valueRequired\":true,\"valueName\":\"search_term_string\"}}],\"inLanguage\":\"de\"},{\"@type\":\"Organization\",\"@id\":\"https:\\\/\\\/kiga-im-alten-schulhaus.de\\\/kias2\\\/#organization\",\"name\":\"Kindergarten im Alten Schulhaus e.V.\",\"url\":\"https:\\\/\\\/kiga-im-alten-schulhaus.de\\\/kias2\\\/\",\"logo\":{\"@type\":\"ImageObject\",\"inLanguage\":\"de\",\"@id\":\"https:\\\/\\\/kiga-im-alten-schulhaus.de\\\/kias2\\\/#\\\/schema\\\/logo\\\/image\\\/\",\"url\":\"http:\\\/\\\/kiga-im-alten-schulhaus.de\\\/kias2\\\/wp-content\\\/uploads\\\/2017\\\/03\\\/cropped-haus-1.jpg\",\"contentUrl\":\"http:\\\/\\\/kiga-im-alten-schulhaus.de\\\/kias2\\\/wp-content\\\/uploads\\\/2017\\\/03\\\/cropped-haus-1.jpg\",\"width\":512,\"height\":512,\"caption\":\"Kindergarten im Alten Schulhaus e.V.\"},\"image\":{\"@id\":\"https:\\\/\\\/kiga-im-alten-schulhaus.de\\\/kias2\\\/#\\\/schema\\\/logo\\\/image\\\/\"}}]}<\/script>\n<!-- \/ Yoast SEO plugin. -->","yoast_head_json":{"title":"Kindergarten im alten Schulhaus e.V. &#8211; P\u00e4dagogische Eckpfeiler","robots":{"index":"index","follow":"follow","max-snippet":"max-snippet:-1","max-image-preview":"max-image-preview:large","max-video-preview":"max-video-preview:-1"},"canonical":"https:\/\/kiga-im-alten-schulhaus.de\/kias2\/konzept\/padagogische-eckpfeiler\/","og_locale":"de_DE","og_type":"article","og_title":"Kindergarten im alten Schulhaus e.V. &#8211; P\u00e4dagogische Eckpfeiler","og_description":"Situationsorientierter Ansatz Die Bildungs- und Hirnforschung geht davon aus, dass die Freude am Lernen zu einer intrinsischen Lernmotivation f\u00fchrt, bei der die Kinder sich selbst bilden und ihr Leben entwickeln m\u00f6chten. Beim situationsorientierten Ansatz stehen deshalb die individuellen Erlebnisse und &hellip;","og_url":"https:\/\/kiga-im-alten-schulhaus.de\/kias2\/konzept\/padagogische-eckpfeiler\/","og_site_name":"Kindergarten im alten Schulhaus e.V.","article_modified_time":"2023-09-11T06:56:30+00:00","og_image":[{"url":"http:\/\/kiga-im-alten-schulhaus.de\/kias2\/wp-content\/uploads\/2022\/09\/KINDERGARTEN_web_ulineumanncosel_54-300x200.jpg","type":"","width":"","height":""}],"twitter_card":"summary_large_image","twitter_misc":{"Gesch\u00e4tzte Lesezeit":"3\u00a0Minuten"},"schema":{"@context":"https:\/\/schema.org","@graph":[{"@type":"WebPage","@id":"https:\/\/kiga-im-alten-schulhaus.de\/kias2\/konzept\/padagogische-eckpfeiler\/","url":"https:\/\/kiga-im-alten-schulhaus.de\/kias2\/konzept\/padagogische-eckpfeiler\/","name":"Kindergarten im alten Schulhaus e.V. &#8211; P\u00e4dagogische Eckpfeiler","isPartOf":{"@id":"https:\/\/kiga-im-alten-schulhaus.de\/kias2\/#website"},"primaryImageOfPage":{"@id":"https:\/\/kiga-im-alten-schulhaus.de\/kias2\/konzept\/padagogische-eckpfeiler\/#primaryimage"},"image":{"@id":"https:\/\/kiga-im-alten-schulhaus.de\/kias2\/konzept\/padagogische-eckpfeiler\/#primaryimage"},"thumbnailUrl":"http:\/\/kiga-im-alten-schulhaus.de\/kias2\/wp-content\/uploads\/2022\/09\/KINDERGARTEN_web_ulineumanncosel_54-300x200.jpg","datePublished":"2017-03-06T19:15:02+00:00","dateModified":"2023-09-11T06:56:30+00:00","breadcrumb":{"@id":"https:\/\/kiga-im-alten-schulhaus.de\/kias2\/konzept\/padagogische-eckpfeiler\/#breadcrumb"},"inLanguage":"de","potentialAction":[{"@type":"ReadAction","target":["https:\/\/kiga-im-alten-schulhaus.de\/kias2\/konzept\/padagogische-eckpfeiler\/"]}]},{"@type":"ImageObject","inLanguage":"de","@id":"https:\/\/kiga-im-alten-schulhaus.de\/kias2\/konzept\/padagogische-eckpfeiler\/#primaryimage","url":"https:\/\/kiga-im-alten-schulhaus.de\/kias2\/wp-content\/uploads\/2022\/09\/KINDERGARTEN_web_ulineumanncosel_54.jpg","contentUrl":"https:\/\/kiga-im-alten-schulhaus.de\/kias2\/wp-content\/uploads\/2022\/09\/KINDERGARTEN_web_ulineumanncosel_54.jpg","width":2048,"height":1365},{"@type":"BreadcrumbList","@id":"https:\/\/kiga-im-alten-schulhaus.de\/kias2\/konzept\/padagogische-eckpfeiler\/#breadcrumb","itemListElement":[{"@type":"ListItem","position":1,"name":"Home","item":"https:\/\/kiga-im-alten-schulhaus.de\/kias2\/"},{"@type":"ListItem","position":2,"name":"Konzept","item":"https:\/\/kiga-im-alten-schulhaus.de\/kias2\/konzept\/"},{"@type":"ListItem","position":3,"name":"P\u00e4dagogische Eckpfeiler"}]},{"@type":"WebSite","@id":"https:\/\/kiga-im-alten-schulhaus.de\/kias2\/#website","url":"https:\/\/kiga-im-alten-schulhaus.de\/kias2\/","name":"Kindergarten im alten Schulhaus e.V.","description":"","publisher":{"@id":"https:\/\/kiga-im-alten-schulhaus.de\/kias2\/#organization"},"potentialAction":[{"@type":"SearchAction","target":{"@type":"EntryPoint","urlTemplate":"https:\/\/kiga-im-alten-schulhaus.de\/kias2\/?s={search_term_string}"},"query-input":{"@type":"PropertyValueSpecification","valueRequired":true,"valueName":"search_term_string"}}],"inLanguage":"de"},{"@type":"Organization","@id":"https:\/\/kiga-im-alten-schulhaus.de\/kias2\/#organization","name":"Kindergarten im Alten Schulhaus e.V.","url":"https:\/\/kiga-im-alten-schulhaus.de\/kias2\/","logo":{"@type":"ImageObject","inLanguage":"de","@id":"https:\/\/kiga-im-alten-schulhaus.de\/kias2\/#\/schema\/logo\/image\/","url":"http:\/\/kiga-im-alten-schulhaus.de\/kias2\/wp-content\/uploads\/2017\/03\/cropped-haus-1.jpg","contentUrl":"http:\/\/kiga-im-alten-schulhaus.de\/kias2\/wp-content\/uploads\/2017\/03\/cropped-haus-1.jpg","width":512,"height":512,"caption":"Kindergarten im Alten Schulhaus e.V."},"image":{"@id":"https:\/\/kiga-im-alten-schulhaus.de\/kias2\/#\/schema\/logo\/image\/"}}]}},"_links":{"self":[{"href":"https:\/\/kiga-im-alten-schulhaus.de\/kias2\/wp-json\/wp\/v2\/pages\/95","targetHints":{"allow":["GET"]}}],"collection":[{"href":"https:\/\/kiga-im-alten-schulhaus.de\/kias2\/wp-json\/wp\/v2\/pages"}],"about":[{"href":"https:\/\/kiga-im-alten-schulhaus.de\/kias2\/wp-json\/wp\/v2\/types\/page"}],"author":[{"embeddable":true,"href":"https:\/\/kiga-im-alten-schulhaus.de\/kias2\/wp-json\/wp\/v2\/users\/11"}],"replies":[{"embeddable":true,"href":"https:\/\/kiga-im-alten-schulhaus.de\/kias2\/wp-json\/wp\/v2\/comments?post=95"}],"version-history":[{"count":10,"href":"https:\/\/kiga-im-alten-schulhaus.de\/kias2\/wp-json\/wp\/v2\/pages\/95\/revisions"}],"predecessor-version":[{"id":2091,"href":"https:\/\/kiga-im-alten-schulhaus.de\/kias2\/wp-json\/wp\/v2\/pages\/95\/revisions\/2091"}],"up":[{"embeddable":true,"href":"https:\/\/kiga-im-alten-schulhaus.de\/kias2\/wp-json\/wp\/v2\/pages\/40"}],"wp:attachment":[{"href":"https:\/\/kiga-im-alten-schulhaus.de\/kias2\/wp-json\/wp\/v2\/media?parent=95"}],"curies":[{"name":"wp","href":"https:\/\/api.w.org\/{rel}","templated":true}]}}